{"id":8615,"date":"2020-06-26T11:00:26","date_gmt":"2020-06-26T09:00:26","guid":{"rendered":"https:\/\/www.grupsagaro.net\/?post_type=product&#038;p=8615"},"modified":"2025-02-24T12:47:39","modified_gmt":"2025-02-24T10:47:39","slug":"regleta-led-20w-xip-tg-unicox-60cm-ip20-4500k-nano","status":"publish","type":"product","link":"https:\/\/www.grupsagaro.net\/?product=regleta-led-20w-xip-tg-unicox-60cm-ip20-4500k-nano","title":{"rendered":"Regleta Led 20W Xip TG Unicox 60cm IP20 4500k Nano"},"content":{"rendered":"<p>[et_pb_section fb_built=\u00bb1&#8243; _builder_version=\u00bb4.16&#8243; custom_padding=\u00bb0px||||false|false\u00bb global_colors_info=\u00bb{}\u00bb][et_pb_row _builder_version=\u00bb4.16&#8243; background_size=\u00bbinitial\u00bb background_position=\u00bbtop_left\u00bb background_repeat=\u00bbrepeat\u00bb width=\u00bb100%\u00bb custom_padding=\u00bb0px||0px||false|false\u00bb global_colors_info=\u00bb{}\u00bb][et_pb_column type=\u00bb4_4&#8243; _builder_version=\u00bb4.16&#8243; custom_padding=\u00bb|||\u00bb global_colors_info=\u00bb{}\u00bb custom_padding__hover=\u00bb|||\u00bb][et_pb_wc_breadcrumb _builder_version=\u00bb4.16&#8243; body_font=\u00bb|600|||||||\u00bb global_colors_info=\u00bb{}\u00bb][\/et_pb_wc_breadcrumb][et_pb_wc_cart_notice _builder_version=\u00bb4.16&#8243; global_colors_info=\u00bb{}\u00bb][\/et_pb_wc_cart_notice][\/et_pb_column][\/et_pb_row][et_pb_row column_structure=\u00bb1_2,1_2&#8243; _builder_version=\u00bb4.16&#8243; background_size=\u00bbinitial\u00bb background_position=\u00bbtop_left\u00bb background_repeat=\u00bbrepeat\u00bb width=\u00bb100%\u00bb custom_padding=\u00bb0px||||false|false\u00bb global_colors_info=\u00bb{}\u00bb][et_pb_column type=\u00bb1_2&#8243; _builder_version=\u00bb4.16&#8243; custom_padding=\u00bb|||\u00bb global_colors_info=\u00bb{}\u00bb custom_padding__hover=\u00bb|||\u00bb][et_pb_wc_images _builder_version=\u00bb4.16&#8243; global_colors_info=\u00bb{}\u00bb][\/et_pb_wc_images][\/et_pb_column][et_pb_column type=\u00bb1_2&#8243; _builder_version=\u00bb4.16&#8243; custom_padding=\u00bb|||\u00bb global_colors_info=\u00bb{}\u00bb custom_padding__hover=\u00bb|||\u00bb][et_pb_wc_title _builder_version=\u00bb4.16&#8243; global_colors_info=\u00bb{}\u00bb][\/et_pb_wc_title][et_pb_wc_rating _builder_version=\u00bb4.16&#8243; global_colors_info=\u00bb{}\u00bb][\/et_pb_wc_rating][et_pb_wc_price _builder_version=\u00bb4.16&#8243; global_colors_info=\u00bb{}\u00bb][\/et_pb_wc_price][et_pb_text _builder_version=\u00bb4.19.2&#8243; _dynamic_attributes=\u00bbcontent\u00bb _module_preset=\u00bbdefault\u00bb text_text_color=\u00bb#0C71C3&#8243; text_orientation=\u00bbcenter\u00bb global_colors_info=\u00bb{}\u00bb]@ET-DC@eyJkeW5hbWljIjp0cnVlLCJjb250ZW50IjoiY3VzdG9tX21ldGFfY2FwYWNpdGF0OiIsInNldHRpbmdzIjp7ImJlZm9yZSI6IiIsImFmdGVyIjoiIiwiZW5hYmxlX2h0bWwiOiJvZmYifX0=@[\/et_pb_text][et_pb_wc_description _builder_version=\u00bb4.16&#8243; global_colors_info=\u00bb{}\u00bb][\/et_pb_wc_description][et_pb_wc_add_to_cart _builder_version=\u00bb4.16&#8243; global_colors_info=\u00bb{}\u00bb][\/et_pb_wc_add_to_cart][et_pb_wc_meta _builder_version=\u00bb4.16&#8243; global_colors_info=\u00bb{}\u00bb][\/et_pb_wc_meta][\/et_pb_column][\/et_pb_row][et_pb_row _builder_version=\u00bb4.16&#8243; background_size=\u00bbinitial\u00bb background_position=\u00bbtop_left\u00bb background_repeat=\u00bbrepeat\u00bb width=\u00bb100%\u00bb global_colors_info=\u00bb{}\u00bb][et_pb_column type=\u00bb4_4&#8243; _builder_version=\u00bb4.16&#8243; custom_padding=\u00bb|||\u00bb global_colors_info=\u00bb{}\u00bb custom_padding__hover=\u00bb|||\u00bb][et_pb_wc_tabs _builder_version=\u00bb4.16&#8243; global_colors_info=\u00bb{}\u00bb] [\/et_pb_wc_tabs][et_pb_wc_upsells _builder_version=\u00bb4.16&#8243; global_colors_info=\u00bb{}\u00bb][\/et_pb_wc_upsells][et_pb_wc_related_products posts_number=\u00bb6&#8243; _builder_version=\u00bb4.16&#8243; product_title_font_size=\u00bb14px\u00bb global_colors_info=\u00bb{}\u00bb][\/et_pb_wc_related_products][\/et_pb_column][\/et_pb_row][\/et_pb_section]<\/p>\n","protected":false},"excerpt":{"rendered":"<p style=\"text-align: center;\">CARACTER\u00cdSTICA T\u00c8CNIQUES<\/p>\n<p style=\"text-align: center;\">Pantalla ultra fina, nom\u00e9s 25mm<br \/>\nLluminositat: 2400 l\u00famens.<br \/>\nPot\u00e8ncia: 20W.<br \/>\nVoltatge: AC170 &#8211; 267V &#8211; 50 Hz.<br \/>\nProtecci\u00f3: IP20<br \/>\nFactor de Pot\u00e8ncia:&gt; 0,6<br \/>\nProtecci\u00f3 contra impactes: IK08.<br \/>\nAngle d&#8217;obertura: 120\u00ba.<br \/>\nClasse energ\u00e8tica: A ++<br \/>\nFabricada en: PVC, Nano pl\u00e0stic (Nano PC) i interior d&#8217;alumini.<br \/>\nDimensions: 600mm de longitud x 75mm x 25mm.<br \/>\nPes de la pantalla LED Slim: 246 gr.<br \/>\nMarca: Leadersson TM, incorpora Xips Toyoda Gosei d&#8217;alta qualitat.<\/p>\n","protected":false},"featured_media":0,"comment_status":"open","ping_status":"closed","template":"","meta":{"_acf_changed":false,"_seopress_robots_primary_cat":"none","_seopress_titles_title":"%%post_title%%","_seopress_titles_desc":"%%post_excerpt%% %%_category_description%%","_seopress_robots_index":"","_seopress_analysis_target_kw":"Regleta Led 20W,Regleta,PortaFluorecents,0.60m,Regleta Led 20W Xip TG Unicox 60cm IP20 4500k Nano","_et_pb_use_builder":"on","_et_pb_old_content":"<p style=\"text-align: justify\">Pantalla LED extrafina amb Garantia de 2 anys<\/p>\r\n<p style=\"text-align: justify\">Regleta LED extrafina, nom\u00e9s 25mm, de superf\u00edcie amb LED integrat de 60cm 20W 2400Lm i Xip LED Toyoda Gosei.\r\nDisseny Elegant S\u00e8rie UNICOX, disponible neutra 4500K<\/p>\r\n<p style=\"text-align: justify\">Regleta LED - Pantalla extrafina amb LED incl\u00f2s de llarga durada (30.000 h aprox.), \u00c9s lleugera ja que est\u00e0 constru\u00efda amb materials pol\u00edmers, la seva pantalla difusora \u00e9s de Opal esmerilat pel que emet una llum uniforme que no enlluerna ni produeix brillantors sobre els objectes il\u00b7luminats, t\u00e9 un ampli angle d'il\u00b7luminaci\u00f3 de 120 \u00ba, t\u00e9 un enc\u00e8s instantani, sense parpelleigs.<\/p>\r\n<p style=\"text-align: justify\">Aquesta pantalla LED \u00e9s molt prima nom\u00e9s 2,5 cm, t\u00e9 un disseny elegant pel que \u00e9s ideal per al seu \u00fas en habitatges, cuines, despatxos o garatges.<\/p>\r\n<p style=\"text-align: justify\">A causa del seu estret perf\u00edl, pot instal\u00b7lar-se sota els mobles de cuina o en prestatgeries i vitrines.<\/p>\r\n<p style=\"text-align: justify\">Pot instal\u00b7lar-se al sostre oa la paret i usar-se en interiors.<\/p>\r\n<p style=\"text-align: justify\">La pantalla extrafina UNICOX \u00e9s molt eficient, de baix consum, nom\u00e9s 20W, encara que la seva pot\u00e8ncia de llum equival a la d'una pantalla hal\u00f2gena convencional de 200W. Amb el seu \u00fas estar\u00e0s estalviant un 90%.<\/p>\r\n<p style=\"text-align: justify\"><span style=\"font-family: var(--global-body-font-family)\">.<\/span><\/p>","_et_gb_content_width":""},"product_brand":[],"product_cat":[5397],"product_tag":[144],"class_list":{"0":"post-8615","1":"product","2":"type-product","3":"status-publish","5":"product_cat-regletes-led-ip20","6":"product_tag-regleta-led-xip-toyoda-gosei-unicox","8":"first","9":"outofstock","10":"taxable","11":"shipping-taxable","12":"purchasable","13":"product-type-simple"},"acf":[],"jetpack_likes_enabled":true,"jetpack_sharing_enabled":true,"tiered_pricing_type":"fixed","tiered_pricing_fixed_rules":[],"tiered_pricing_product_settings":{"layout":"default","base_unit_name":{"singular":null,"plural":null},"default_variation":null},"tiered_pricing_minimum_quantity":null,"tiered_pricing_roles_data":[],"tiered_pricing_percentage_rules":[],"_links":{"self":[{"href":"https:\/\/www.grupsagaro.net\/index.php?rest_route=\/wp\/v2\/product\/8615","targetHints":{"allow":["GET"]}}],"collection":[{"href":"https:\/\/www.grupsagaro.net\/index.php?rest_route=\/wp\/v2\/product"}],"about":[{"href":"https:\/\/www.grupsagaro.net\/index.php?rest_route=\/wp\/v2\/types\/product"}],"replies":[{"embeddable":true,"href":"https:\/\/www.grupsagaro.net\/index.php?rest_route=%2Fwp%2Fv2%2Fcomments&post=8615"}],"wp:attachment":[{"href":"https:\/\/www.grupsagaro.net\/index.php?rest_route=%2Fwp%2Fv2%2Fmedia&parent=8615"}],"wp:term":[{"taxonomy":"product_brand","embeddable":true,"href":"https:\/\/www.grupsagaro.net\/index.php?rest_route=%2Fwp%2Fv2%2Fproduct_brand&post=8615"},{"taxonomy":"product_cat","embeddable":true,"href":"https:\/\/www.grupsagaro.net\/index.php?rest_route=%2Fwp%2Fv2%2Fproduct_cat&post=8615"},{"taxonomy":"product_tag","embeddable":true,"href":"https:\/\/www.grupsagaro.net\/index.php?rest_route=%2Fwp%2Fv2%2Fproduct_tag&post=8615"}],"curies":[{"name":"wp","href":"https:\/\/api.w.org\/{rel}","templated":true}]}}