{"id":57996,"date":"2023-08-18T14:59:58","date_gmt":"2023-08-18T12:59:58","guid":{"rendered":"https:\/\/www.grupsagaro.net\/?post_type=product&#038;p=57996"},"modified":"2023-10-27T11:46:37","modified_gmt":"2023-10-27T09:46:37","slug":"plafo-led-superficie-20w-4000k-xip-lumileds","status":"publish","type":"product","link":"https:\/\/www.grupsagaro.net\/?product=plafo-led-superficie-20w-4000k-xip-lumileds","title":{"rendered":"Plaf\u00f3 LED Superf\u00edcie 20W &#8211; 4000K &#8211; Xip Lumileds"},"content":{"rendered":"<p>[et_pb_section fb_built=\u00bb1&#8243; _builder_version=\u00bb4.16&#8243; custom_padding=\u00bb0px||||false|false\u00bb global_colors_info=\u00bb{}\u00bb][et_pb_row _builder_version=\u00bb4.16&#8243; background_size=\u00bbinitial\u00bb background_position=\u00bbtop_left\u00bb background_repeat=\u00bbrepeat\u00bb width=\u00bb100%\u00bb custom_padding=\u00bb0px||0px||false|false\u00bb global_colors_info=\u00bb{}\u00bb][et_pb_column type=\u00bb4_4&#8243; _builder_version=\u00bb4.16&#8243; custom_padding=\u00bb|||\u00bb global_colors_info=\u00bb{}\u00bb custom_padding__hover=\u00bb|||\u00bb][et_pb_wc_breadcrumb _builder_version=\u00bb4.16&#8243; global_colors_info=\u00bb{}\u00bb][\/et_pb_wc_breadcrumb][et_pb_wc_cart_notice _builder_version=\u00bb4.16&#8243; global_colors_info=\u00bb{}\u00bb][\/et_pb_wc_cart_notice][\/et_pb_column][\/et_pb_row][et_pb_row column_structure=\u00bb1_2,1_2&#8243; _builder_version=\u00bb4.16&#8243; background_size=\u00bbinitial\u00bb background_position=\u00bbtop_left\u00bb background_repeat=\u00bbrepeat\u00bb width=\u00bb100%\u00bb custom_padding=\u00bb0px||||false|false\u00bb global_colors_info=\u00bb{}\u00bb][et_pb_column type=\u00bb1_2&#8243; _builder_version=\u00bb4.16&#8243; custom_padding=\u00bb|||\u00bb global_colors_info=\u00bb{}\u00bb custom_padding__hover=\u00bb|||\u00bb][et_pb_wc_images _builder_version=\u00bb4.16&#8243; global_colors_info=\u00bb{}\u00bb][\/et_pb_wc_images][\/et_pb_column][et_pb_column type=\u00bb1_2&#8243; _builder_version=\u00bb4.16&#8243; custom_padding=\u00bb|||\u00bb global_colors_info=\u00bb{}\u00bb custom_padding__hover=\u00bb|||\u00bb][et_pb_wc_title _builder_version=\u00bb4.16&#8243; global_colors_info=\u00bb{}\u00bb][\/et_pb_wc_title][et_pb_wc_rating _builder_version=\u00bb4.16&#8243; global_colors_info=\u00bb{}\u00bb][\/et_pb_wc_rating][et_pb_wc_price _builder_version=\u00bb4.16&#8243; global_colors_info=\u00bb{}\u00bb][\/et_pb_wc_price][et_pb_text _builder_version=\u00bb4.23&#8243; _module_preset=\u00bbdefault\u00bb _dynamic_attributes=\u00bbcontent\u00bb text_font=\u00bb|700|||||||\u00bb text_text_color=\u00bb#0C71C3&#8243; text_font_size=\u00bb20px\u00bb text_orientation=\u00bbcenter\u00bb hover_enabled=\u00bb0&#8243; sticky_enabled=\u00bb0&#8243;]@ET-DC@eyJkeW5hbWljIjp0cnVlLCJjb250ZW50IjoiY3VzdG9tX21ldGFfY2FwYWNpdGF0OiIsInNldHRpbmdzIjp7ImJlZm9yZSI6IiIsImFmdGVyIjoiIiwiZW5hYmxlX2h0bWwiOiJvZmYifX0=@[\/et_pb_text][et_pb_wc_description _builder_version=\u00bb4.16&#8243; global_colors_info=\u00bb{}\u00bb][\/et_pb_wc_description][et_pb_wc_add_to_cart _builder_version=\u00bb4.16&#8243; global_colors_info=\u00bb{}\u00bb][\/et_pb_wc_add_to_cart][et_pb_wc_meta _builder_version=\u00bb4.16&#8243; global_colors_info=\u00bb{}\u00bb][\/et_pb_wc_meta][\/et_pb_column][\/et_pb_row][et_pb_row _builder_version=\u00bb4.16&#8243; background_size=\u00bbinitial\u00bb background_position=\u00bbtop_left\u00bb background_repeat=\u00bbrepeat\u00bb width=\u00bb100%\u00bb global_colors_info=\u00bb{}\u00bb][et_pb_column type=\u00bb4_4&#8243; _builder_version=\u00bb4.16&#8243; custom_padding=\u00bb|||\u00bb global_colors_info=\u00bb{}\u00bb custom_padding__hover=\u00bb|||\u00bb][et_pb_wc_tabs _builder_version=\u00bb4.16&#8243; global_colors_info=\u00bb{}\u00bb] [\/et_pb_wc_tabs][et_pb_wc_upsells _builder_version=\u00bb4.16&#8243; global_colors_info=\u00bb{}\u00bb][\/et_pb_wc_upsells][et_pb_wc_related_products posts_number=\u00bb9&#8243; _builder_version=\u00bb4.22.0&#8243; product_title_font_size=\u00bb14px\u00bb global_colors_info=\u00bb{}\u00bb][\/et_pb_wc_related_products][\/et_pb_column][\/et_pb_row][\/et_pb_section]<\/p>\n","protected":false},"excerpt":{"rendered":"<p style=\"text-align: center;\">REFER\u00c8NCIA : CL20W-91130<br \/>\nPot\u00e8ncia Nominal Pot\u00e8ncia nominal: 20w<br \/>\nTensi\u00f3 Nominal: 220-240V<br \/>\nTemperatura de Llum: 4000K<br \/>\nCRI -\u00cdndex Reproducci\u00f3 Crom\u00e0tica: 80<br \/>\nMaterial de Construcci\u00f3: PVC<br \/>\nLluminositat-Lm: 2400<br \/>\nAngle d&#8217;Obertura (\u00ba): 120\u00ba<br \/>\nEfic\u00e0cia Diode LED (Lm\/W): 125 Lm\/W<br \/>\nEfic\u00e0cia lluminosa (Lm\/W): 120 Lm\/W<br \/>\nCertificats: CE &#8211; ROHS<br \/>\nGrau d&#8217;IP: IP44<br \/>\nVida Estimada Diode LED (H): 40.000<br \/>\nMides (mm): \u00d8293mm * H29mm<br \/>\nFactor de Pot\u00e8ncia (PF): 0.65<br \/>\nFreq\u00fc\u00e8ncia de Treball (Hz): 50\/60Hz<br \/>\nRang Temperatura (\u00baC): -20\u00b0C ~ +55\u00b0C<br \/>\nCicles d&#8217;encesos: 100.000<br \/>\nTemps d&#8217;arrencada (s): 0,2s<br \/>\nDriver incl\u00f2s: DRIVER NO FLICK &#8211; SENSE PARPADEIG<br \/>\nClasse Energ\u00e8tica (2021-UE-2019\/2015): A+<br \/>\nClasse Energ\u00e8tica (2023 &#8211; UE-2019\/2015): E<br \/>\nGarantia anys: 3<\/p>\n","protected":false},"featured_media":58007,"comment_status":"open","ping_status":"closed","template":"","meta":{"_acf_changed":false,"_seopress_robots_primary_cat":"5287","_seopress_titles_title":"%%post_title%%","_seopress_titles_desc":"%%post_excerpt%% %%tagline%%","_seopress_robots_index":"","_et_pb_use_builder":"on","_et_pb_old_content":"<p style=\"text-align: justify\">Plaf\u00f3 LED Superf\u00edcie 20W - 4000K - Xip Lumileds\r\nEl plaf\u00f3 LED Superf\u00edcie de 20W amb temperatura de color de 4000K i xip Lumileds \u00e9s una llumin\u00e0ria de sostre moderna i eficient energ\u00e8ticament dissenyada per proporcionar una il\u00b7luminaci\u00f3 brillant i uniforme a diversos espais interiors. Amb la seva pot\u00e8ncia de 20 watts, \u00e9s capa\u00e7 de generar una quantitat significativa de llum, cosa que el converteix en una opci\u00f3 ideal per a \u00e0rees on es requereix una il\u00b7luminaci\u00f3 intensa.<\/p>\r\n<p style=\"text-align: justify\">La temperatura de color de 4000K, tamb\u00e9 coneguda com a llum blanca neutra, ofereix una il\u00b7luminaci\u00f3 equilibrada i vers\u00e0til que \u00e9s adequada tant per a entorns dom\u00e8stics com comercials. Aquesta temperatura de color proporciona una il\u00b7luminaci\u00f3 clara i n\u00edtida que no produeix una sensaci\u00f3 de llum freda ni c\u00e0lida, cosa que la fa adequada per a una \u00e0mplia varietat d'aplicacions.<\/p>\r\n<p style=\"text-align: justify\">El plaf\u00f3 LED Superf\u00edcie utilitza xips Lumileds, que s\u00f3n coneguts per la seva alta efici\u00e8ncia i rendiment durador. Els xips Lumileds s\u00f3n reconeguts a la ind\u00fastria per la seva capacitat per produir una il\u00b7luminaci\u00f3 de qualitat superior, brillantor constant i una vida \u00fatil perllongada. Aix\u00f2 garanteix que el plaf\u00f3 LED sigui una inversi\u00f3 a llarg termini i que ofereixi una il\u00b7luminaci\u00f3 fiable durant moltes hores d'\u00fas.<\/p>\r\n<p style=\"text-align: justify\">A m\u00e9s del seu rendiment lum\u00ednic, el disseny del plaf\u00f3 LED Superf\u00edcie \u00e9s elegant i discret, cosa que el converteix en una opci\u00f3 est\u00e8tica per a qualsevol tipus dambient. Com que est\u00e0 dissenyat per instal\u00b7lar-se a la superf\u00edcie del sostre, \u00e9s f\u00e0cil de muntar i no requereix treballs d'instal\u00b7laci\u00f3 complicats.<\/p>\r\n<p style=\"text-align: justify\">El plaf\u00f3 LED Superf\u00edcie de 20W amb temperatura de color de 4000K i xip Lumileds ofereix una \u00e0mplia gamma d'usos i beneficis que el converteixen en una opci\u00f3 popular a diversos entorns\r\nUsabilitat vers\u00e0til: A causa del disseny i el rendiment d'il\u00b7luminaci\u00f3, el plaf\u00f3 LED \u00e9s adequat per a una varietat d'aplicacions. Pot ser utilitzat en espais residencials com sales d'estar, dormitoris, cuines i passadissos, proporcionant una il\u00b7luminaci\u00f3 brillant i uniforme a tot l'espai. Tamb\u00e9 \u00e9s una excel\u00b7lent opci\u00f3 per a entorns comercials, com ara oficines, botigues detallistes i espais d'exhibici\u00f3, on es requereix una il\u00b7luminaci\u00f3 de qualitat per ressaltar productes i crear un ambient agradable.\r\nEfici\u00e8ncia energ\u00e8tica: Un dels principals beneficis del plaf\u00f3 LED \u00e9s la seva alta efici\u00e8ncia energ\u00e8tica. En utilitzar tecnologia LED d'avantguarda, el plaf\u00f3 consumeix menys energia en comparaci\u00f3 amb les fonts de llum tradicionals, cosa que es tradueix en estalvis significatius a la factura d'electricitat a llarg termini. Aix\u00f2 no nom\u00e9s \u00e9s benefici\u00f3s per al propietari o usuari, sin\u00f3 tamb\u00e9 per al medi ambient en reduir l'empremta de carboni.\r\nLlarga vida \u00fatil: Gr\u00e0cies als xips Lumileds d'alta qualitat utilitzats en la seva construcci\u00f3, el plaf\u00f3 LED Superf\u00edcie t\u00e9 una vida \u00fatil perllongada. Els xips Lumileds s\u00f3n coneguts per la seva durabilitat i resist\u00e8ncia al desgast, cosa que significa que el plaf\u00f3 pot funcionar de manera fiable durant moltes hores sense degradar-ne el rendiment lum\u00ednic. Aix\u00f2 redueix els costos de reempla\u00e7ament i manteniment a llarg termini.\r\nQualitat de llum superior: Amb una temperatura de color de 4000K, el plaf\u00f3 LED emet una llum blanca neutra que proporciona una il\u00b7luminaci\u00f3 clara i n\u00edtida. Aquesta temperatura de color \u00e9s ideal per a tasques que requereixen concentraci\u00f3 i en espais on es vol una aparen\u00e7a neta i moderna. A m\u00e9s, els xips Lumileds garanteixen una brillantor constant i una distribuci\u00f3 uniforme de la llum, evitant ombres i \u00e0rees fosques.\r\nF\u00e0cil instal\u00b7laci\u00f3: El plaf\u00f3 LED Superf\u00edcie est\u00e0 dissenyat per a una instal\u00b7laci\u00f3 senzilla a la superf\u00edcie del sostre. Ve amb tots els accessoris necessaris i les instruccions de muntatge, cosa que en facilita la col\u00b7locaci\u00f3 en qualsevol espai. No es requereixen coneixements t\u00e8cnics especialitzats o treballs d'instal\u00b7laci\u00f3 complicats, cosa que estalvia temps i esfor\u00e7.<\/p>","_et_gb_content_width":"","jetpack_post_was_ever_published":false},"product_brand":[],"product_cat":[5287],"product_tag":[],"class_list":{"0":"post-57996","1":"product","2":"type-product","3":"status-publish","4":"has-post-thumbnail","6":"product_cat-panell-superficie-interior","7":"product_shipping_class-enviament-factor","9":"first","10":"onbackorder","11":"taxable","12":"shipping-taxable","13":"purchasable","14":"product-type-simple"},"acf":[],"jetpack_likes_enabled":true,"jetpack_sharing_enabled":true,"tiered_pricing_type":"fixed","tiered_pricing_fixed_rules":[],"tiered_pricing_product_settings":{"layout":"default","base_unit_name":{"singular":null,"plural":null},"default_variation":null},"tiered_pricing_minimum_quantity":null,"tiered_pricing_roles_data":[],"tiered_pricing_percentage_rules":[],"_links":{"self":[{"href":"https:\/\/www.grupsagaro.net\/index.php?rest_route=\/wp\/v2\/product\/57996","targetHints":{"allow":["GET"]}}],"collection":[{"href":"https:\/\/www.grupsagaro.net\/index.php?rest_route=\/wp\/v2\/product"}],"about":[{"href":"https:\/\/www.grupsagaro.net\/index.php?rest_route=\/wp\/v2\/types\/product"}],"replies":[{"embeddable":true,"href":"https:\/\/www.grupsagaro.net\/index.php?rest_route=%2Fwp%2Fv2%2Fcomments&post=57996"}],"wp:featuredmedia":[{"embeddable":true,"href":"https:\/\/www.grupsagaro.net\/index.php?rest_route=\/wp\/v2\/media\/58007"}],"wp:attachment":[{"href":"https:\/\/www.grupsagaro.net\/index.php?rest_route=%2Fwp%2Fv2%2Fmedia&parent=57996"}],"wp:term":[{"taxonomy":"product_brand","embeddable":true,"href":"https:\/\/www.grupsagaro.net\/index.php?rest_route=%2Fwp%2Fv2%2Fproduct_brand&post=57996"},{"taxonomy":"product_cat","embeddable":true,"href":"https:\/\/www.grupsagaro.net\/index.php?rest_route=%2Fwp%2Fv2%2Fproduct_cat&post=57996"},{"taxonomy":"product_tag","embeddable":true,"href":"https:\/\/www.grupsagaro.net\/index.php?rest_route=%2Fwp%2Fv2%2Fproduct_tag&post=57996"}],"curies":[{"name":"wp","href":"https:\/\/api.w.org\/{rel}","templated":true}]}}