{"id":52190,"date":"2023-05-09T12:30:27","date_gmt":"2023-05-09T10:30:27","guid":{"rendered":"https:\/\/www.grupsagaro.net\/?post_type=product&#038;p=52190"},"modified":"2023-11-30T09:19:46","modified_gmt":"2023-11-30T07:19:46","slug":"fanal-led-vila-solar-300w-xip-acer","status":"publish","type":"product","link":"https:\/\/www.grupsagaro.net\/?product=fanal-led-vila-solar-300w-xip-acer","title":{"rendered":"Fanal LED Vila SOLAR 300W XIP Lumileds  &#8211; Acer"},"content":{"rendered":"<p>[et_pb_section fb_built=\u00bb1&#8243; _builder_version=\u00bb4.16&#8243; custom_padding=\u00bb0px||||false|false\u00bb global_colors_info=\u00bb{}\u00bb][et_pb_row _builder_version=\u00bb4.16&#8243; background_size=\u00bbinitial\u00bb background_position=\u00bbtop_left\u00bb background_repeat=\u00bbrepeat\u00bb width=\u00bb100%\u00bb custom_padding=\u00bb0px||0px||false|false\u00bb global_colors_info=\u00bb{}\u00bb][et_pb_column type=\u00bb4_4&#8243; _builder_version=\u00bb4.16&#8243; custom_padding=\u00bb|||\u00bb global_colors_info=\u00bb{}\u00bb custom_padding__hover=\u00bb|||\u00bb][et_pb_wc_breadcrumb _builder_version=\u00bb4.16&#8243; global_colors_info=\u00bb{}\u00bb][\/et_pb_wc_breadcrumb][et_pb_wc_cart_notice _builder_version=\u00bb4.16&#8243; global_colors_info=\u00bb{}\u00bb][\/et_pb_wc_cart_notice][\/et_pb_column][\/et_pb_row][et_pb_row column_structure=\u00bb1_2,1_2&#8243; _builder_version=\u00bb4.16&#8243; background_size=\u00bbinitial\u00bb background_position=\u00bbtop_left\u00bb background_repeat=\u00bbrepeat\u00bb width=\u00bb100%\u00bb custom_padding=\u00bb0px||||false|false\u00bb global_colors_info=\u00bb{}\u00bb][et_pb_column type=\u00bb1_2&#8243; _builder_version=\u00bb4.16&#8243; custom_padding=\u00bb|||\u00bb global_colors_info=\u00bb{}\u00bb custom_padding__hover=\u00bb|||\u00bb][et_pb_wc_images _builder_version=\u00bb4.16&#8243; global_colors_info=\u00bb{}\u00bb][\/et_pb_wc_images][\/et_pb_column][et_pb_column type=\u00bb1_2&#8243; _builder_version=\u00bb4.16&#8243; custom_padding=\u00bb|||\u00bb global_colors_info=\u00bb{}\u00bb custom_padding__hover=\u00bb|||\u00bb][et_pb_wc_title _builder_version=\u00bb4.16&#8243; global_colors_info=\u00bb{}\u00bb][\/et_pb_wc_title][et_pb_wc_rating _builder_version=\u00bb4.16&#8243; global_colors_info=\u00bb{}\u00bb][\/et_pb_wc_rating][et_pb_text _builder_version=\u00bb4.23.1&#8243; _dynamic_attributes=\u00bbcontent\u00bb _module_preset=\u00bbdefault\u00bb text_font=\u00bb|700|||||||\u00bb text_text_color=\u00bb#0C71C3&#8243; text_orientation=\u00bbcenter\u00bb hover_enabled=\u00bb0&#8243; global_colors_info=\u00bb{}\u00bb text_font_size=\u00bb20px\u00bb sticky_enabled=\u00bb0&#8243;]@ET-DC@eyJkeW5hbWljIjp0cnVlLCJjb250ZW50IjoiY3VzdG9tX21ldGFfY2FwYWNpdGF0OiIsInNldHRpbmdzIjp7ImJlZm9yZSI6IiIsImFmdGVyIjoiIiwiZW5hYmxlX2h0bWwiOiJvZmYifX0=@[\/et_pb_text][et_pb_wc_price _builder_version=\u00bb4.16&#8243; global_colors_info=\u00bb{}\u00bb][\/et_pb_wc_price][et_pb_wc_description _builder_version=\u00bb4.16&#8243; global_colors_info=\u00bb{}\u00bb][\/et_pb_wc_description][et_pb_wc_add_to_cart _builder_version=\u00bb4.16&#8243; global_colors_info=\u00bb{}\u00bb][\/et_pb_wc_add_to_cart][et_pb_wc_meta _builder_version=\u00bb4.16&#8243; global_colors_info=\u00bb{}\u00bb][\/et_pb_wc_meta][\/et_pb_column][\/et_pb_row][et_pb_row _builder_version=\u00bb4.16&#8243; background_size=\u00bbinitial\u00bb background_position=\u00bbtop_left\u00bb background_repeat=\u00bbrepeat\u00bb width=\u00bb100%\u00bb global_colors_info=\u00bb{}\u00bb][et_pb_column type=\u00bb4_4&#8243; _builder_version=\u00bb4.16&#8243; custom_padding=\u00bb|||\u00bb global_colors_info=\u00bb{}\u00bb custom_padding__hover=\u00bb|||\u00bb][et_pb_wc_tabs _builder_version=\u00bb4.16&#8243; global_colors_info=\u00bb{}\u00bb] [\/et_pb_wc_tabs][et_pb_wc_upsells _builder_version=\u00bb4.16&#8243; global_colors_info=\u00bb{}\u00bb][\/et_pb_wc_upsells][et_pb_wc_related_products _builder_version=\u00bb4.16&#8243; global_colors_info=\u00bb{}\u00bb][\/et_pb_wc_related_products][\/et_pb_column][\/et_pb_row][\/et_pb_section]<\/p>\n","protected":false},"excerpt":{"rendered":"<p style=\"text-align: center;\">REFER\u00c8NCIA : VILLASOLAR300W<br \/>\nPot\u00e8ncia nominal : 300W Xip<br \/>\nTensi\u00f3 Nominal: DC 3.2V &#8211; 20000mA<br \/>\nTemperatura de Llum: 5700K<br \/>\nCRI -\u00cdndex Reproducci\u00f3 Crom\u00e0tica: 70<br \/>\nMaterial de Construcci\u00f3: Acer + PMMA<br \/>\nLluminositat-Lm: 5960<br \/>\nTipus de LEDs: SMD 2835<br \/>\nAngle d&#8217;obertura (\u00ba): 90\u00b0<br \/>\nEfic\u00e0cia Diode LED (Lm\/W): 166Lm\/W<br \/>\nCertificats: CE &#8211; ROHS<br \/>\nGrau d&#8217;IP: IP65-Exterior<br \/>\nVida Estimada Diode LED (H): 50.000<br \/>\nMides (mm): 390x390xH710 Panell 350*350mm<br \/>\nFactor de Pot\u00e8ncia (PF): 0.95<br \/>\nFreq\u00fc\u00e8ncia de Treball (Hz): 50\/60Hz<br \/>\nRang Temperatura (\u00baC): -20\u00b0C ~ +55\u00b0C<br \/>\nCicles d&#8217;encesos: 100.000<br \/>\nTemps d&#8217;arrencada (s): 0,2s<br \/>\nMaterial de la Bateria : LiFePO4 &#8211; Liti-Ferrofosfat -LPF &#8211; Battery 20Ah &#8211; (18000mA). Charge&amp;Discharge: 1500 Times<br \/>\nTemps baixada (h): 13H<br \/>\nManeres de control: COMANDAMENT DE CONTROL + INFRARROJOS<br \/>\nProtecci\u00f3 impacte (IK): IK10<br \/>\nClasse Energ\u00e8tica (2021-UE-2019\/2015): A++<br \/>\nGarantia anys: 3<br \/>\nPanell Solar: Panell 20w 5V Polycristaline -350*350mm<\/p>\n","protected":false},"featured_media":52204,"comment_status":"open","ping_status":"closed","template":"","meta":{"_acf_changed":false,"_seopress_robots_primary_cat":"none","_seopress_titles_title":"%%post_title%%","_seopress_titles_desc":"%%post_excerpt%% %%tagline%%","_seopress_robots_index":"","_et_pb_use_builder":"on","_et_pb_old_content":"<p style=\"text-align: justify\">Fanal Fanal LED Vila SOLAR 300W XIP Lumileds - Acer\r\nLa Farola LED Villa SOLAR \u00e9s la soluci\u00f3 perfecta per il\u00b7luminar els teus espais exteriors de manera eficient i sostenible. Aquest fanal, fabricat amb els m\u00e9s alts est\u00e0ndards de qualitat, combina un disseny elegant amb caracter\u00edstiques t\u00e8cniques avan\u00e7ades per brindar-te una experi\u00e8ncia d'il\u00b7luminaci\u00f3 excepcional.<\/p>\r\n<p style=\"text-align: justify\">La Farola LED Villa SOLAR est\u00e0 constru\u00efda amb acer d'alta resist\u00e8ncia, cosa que garanteix la seva durabilitat i confiabilitat en qualsevol entorn. A m\u00e9s, ha estat sotmesa a un proc\u00e9s de pintura al forn amb poliuret\u00e0, cosa que no nom\u00e9s li brinda una aparen\u00e7a est\u00e8tica i moderna, sin\u00f3 que tamb\u00e9 li atorga una major protecci\u00f3 contra la corrosi\u00f3 i els efectes del clima, assegurant que es mantingui en excel\u00b7lents condicions durant molt de temps.<\/p>\r\n<p style=\"text-align: justify\">La innovaci\u00f3 \u00e9s una de les principals caracter\u00edstiques d'aquest fanal. Gr\u00e0cies al sistema solar integrat, pots dir ad\u00e9u a les factures el\u00e8ctriques elevades. Durant el dia, els panells solars d'alta efici\u00e8ncia capturen l'energia del sol i l'emmagatzemen a les bateries internes del fanal. Aix\u00f2 significa que, durant la nit, el Fanal LED Villa SOLAR s'encendr\u00e0 autom\u00e0ticament, brindant-te una il\u00b7luminaci\u00f3 fiable sense costos addicionals d'electricitat. Estalviar\u00e0s diners i contribuir\u00e0s a la cura del medi ambient alhora!<\/p>\r\n<p style=\"text-align: justify\">Fabricada en acer d'alta qualitat i pintada al forn amb poliuret\u00e0, la Fanal LED Villa SOLAR est\u00e0 dissenyada per suportar les condicions clim\u00e0tiques m\u00e9s exigents, oferint una durabilitat i resist\u00e8ncia incomparables. El seu grau de protecci\u00f3 IP65 la protegeix de la pluja, la pols i altres condicions ambientals adverses, per tant pots estar segur que funcionar\u00e0 correctament en tot moment.<\/p>\r\n<p style=\"text-align: justify\">A m\u00e9s del seu disseny robust, la Fanal LED Villa SOLAR 300W XIP - Acer compta amb un sistema solar integrat que permet aprofitar l'energia del sol per carregar les bateries durant el dia, i aix\u00ed proporcionar il\u00b7luminaci\u00f3 fiable i sense costos addicionals d'electricitat durant la nit . Aix\u00f2 es tradueix en un estalvi significatiu a la factura el\u00e8ctrica, i alhora t'ajuda a reduir la teva empremta de carboni i contribuir al medi ambient.<\/p>\r\n<p style=\"text-align: justify\">A m\u00e9s de tots aquests beneficis, la Fanal LED Villa SOLAR 300W CHIP - Acer presenta un disseny elegant i modern que s'integra sense esfor\u00e7 en qualsevol entorn arquitect\u00f2nic. Ja sigui en \u00e0rees residencials, comercials o industrials, aquest fanal no nom\u00e9s compleix la seva funci\u00f3 principal d'il\u00b7luminaci\u00f3, sin\u00f3 que tamb\u00e9 afegeix un toc est\u00e8tic, real\u00e7ant la bellesa dels teus espais.<\/p>\r\n<p style=\"text-align: justify\">Un altre benefici clau de la Fanal LED Villa SOLAR \u00e9s la seva facilitat d'instal\u00b7laci\u00f3. No requereix de cables ni connexions el\u00e8ctriques, el que significa que pots col\u00b7locar-la a qualsevol lloc que vulguis sense haver de preocupar-te per la instal\u00b7laci\u00f3. A m\u00e9s, el seu disseny compacte i port\u00e0til et permet moure-la d'un lloc a un altre sense esfor\u00e7, cosa que la converteix en una excel\u00b7lent opci\u00f3 per a \u00e0rees exteriors com a jardins, patis, carrers, parcs, places i viles.<\/p>","_et_gb_content_width":"","jetpack_post_was_ever_published":false},"product_brand":[],"product_cat":[5791],"product_tag":[5679],"class_list":{"0":"post-52190","1":"product","2":"type-product","3":"status-publish","4":"has-post-thumbnail","6":"product_cat-projector-i-fanals-led-solar","7":"product_tag-fanal-led-vila-solar","8":"product_shipping_class-enviament-factor","9":"pa_temperatura-de-color-5700k","11":"first","12":"instock","13":"taxable","14":"shipping-taxable","15":"purchasable","16":"product-type-variable"},"acf":[],"jetpack_likes_enabled":true,"jetpack_sharing_enabled":true,"tiered_pricing_type":"fixed","tiered_pricing_fixed_rules":[],"tiered_pricing_product_settings":{"layout":"default","base_unit_name":{"singular":null,"plural":null},"default_variation":null},"tiered_pricing_minimum_quantity":null,"tiered_pricing_roles_data":[],"tiered_pricing_percentage_rules":[],"_links":{"self":[{"href":"https:\/\/www.grupsagaro.net\/index.php?rest_route=\/wp\/v2\/product\/52190","targetHints":{"allow":["GET"]}}],"collection":[{"href":"https:\/\/www.grupsagaro.net\/index.php?rest_route=\/wp\/v2\/product"}],"about":[{"href":"https:\/\/www.grupsagaro.net\/index.php?rest_route=\/wp\/v2\/types\/product"}],"replies":[{"embeddable":true,"href":"https:\/\/www.grupsagaro.net\/index.php?rest_route=%2Fwp%2Fv2%2Fcomments&post=52190"}],"wp:featuredmedia":[{"embeddable":true,"href":"https:\/\/www.grupsagaro.net\/index.php?rest_route=\/wp\/v2\/media\/52204"}],"wp:attachment":[{"href":"https:\/\/www.grupsagaro.net\/index.php?rest_route=%2Fwp%2Fv2%2Fmedia&parent=52190"}],"wp:term":[{"taxonomy":"product_brand","embeddable":true,"href":"https:\/\/www.grupsagaro.net\/index.php?rest_route=%2Fwp%2Fv2%2Fproduct_brand&post=52190"},{"taxonomy":"product_cat","embeddable":true,"href":"https:\/\/www.grupsagaro.net\/index.php?rest_route=%2Fwp%2Fv2%2Fproduct_cat&post=52190"},{"taxonomy":"product_tag","embeddable":true,"href":"https:\/\/www.grupsagaro.net\/index.php?rest_route=%2Fwp%2Fv2%2Fproduct_tag&post=52190"}],"curies":[{"name":"wp","href":"https:\/\/api.w.org\/{rel}","templated":true}]}}