{"id":47774,"date":"2022-12-19T11:48:29","date_gmt":"2022-12-19T09:48:29","guid":{"rendered":"https:\/\/www.grupsagaro.net\/?post_type=product&#038;p=47774"},"modified":"2024-05-17T08:41:24","modified_gmt":"2024-05-17T06:41:24","slug":"aplic-de-paret-exterior-led-12w-doble-cara-ret-blanc","status":"publish","type":"product","link":"https:\/\/www.grupsagaro.net\/?product=aplic-de-paret-exterior-led-12w-doble-cara-ret-blanc","title":{"rendered":"Aplic de Paret Exterior LED 12W Doble Cara Ret Blanc"},"content":{"rendered":"<p>[et_pb_section fb_built=\u00bb1&#8243; _builder_version=\u00bb4.16&#8243; custom_padding=\u00bb0px||||false|false\u00bb global_colors_info=\u00bb{}\u00bb][et_pb_row _builder_version=\u00bb4.16&#8243; background_size=\u00bbinitial\u00bb background_position=\u00bbtop_left\u00bb background_repeat=\u00bbrepeat\u00bb width=\u00bb100%\u00bb custom_padding=\u00bb0px||0px||false|false\u00bb global_colors_info=\u00bb{}\u00bb][et_pb_column type=\u00bb4_4&#8243; _builder_version=\u00bb4.16&#8243; custom_padding=\u00bb|||\u00bb global_colors_info=\u00bb{}\u00bb custom_padding__hover=\u00bb|||\u00bb][et_pb_wc_breadcrumb _builder_version=\u00bb4.16&#8243; global_colors_info=\u00bb{}\u00bb][\/et_pb_wc_breadcrumb][et_pb_wc_cart_notice _builder_version=\u00bb4.16&#8243; global_colors_info=\u00bb{}\u00bb][\/et_pb_wc_cart_notice][\/et_pb_column][\/et_pb_row][et_pb_row column_structure=\u00bb1_2,1_2&#8243; _builder_version=\u00bb4.16&#8243; background_size=\u00bbinitial\u00bb background_position=\u00bbtop_left\u00bb background_repeat=\u00bbrepeat\u00bb width=\u00bb100%\u00bb custom_padding=\u00bb0px||||false|false\u00bb global_colors_info=\u00bb{}\u00bb][et_pb_column type=\u00bb1_2&#8243; _builder_version=\u00bb4.16&#8243; custom_padding=\u00bb|||\u00bb global_colors_info=\u00bb{}\u00bb custom_padding__hover=\u00bb|||\u00bb][et_pb_wc_images _builder_version=\u00bb4.16&#8243; global_colors_info=\u00bb{}\u00bb][\/et_pb_wc_images][\/et_pb_column][et_pb_column type=\u00bb1_2&#8243; _builder_version=\u00bb4.16&#8243; custom_padding=\u00bb|||\u00bb global_colors_info=\u00bb{}\u00bb custom_padding__hover=\u00bb|||\u00bb][et_pb_wc_title _builder_version=\u00bb4.16&#8243; global_colors_info=\u00bb{}\u00bb][\/et_pb_wc_title][et_pb_wc_rating _builder_version=\u00bb4.16&#8243; global_colors_info=\u00bb{}\u00bb][\/et_pb_wc_rating][et_pb_wc_price _builder_version=\u00bb4.16&#8243; global_colors_info=\u00bb{}\u00bb][\/et_pb_wc_price][et_pb_text _builder_version=\u00bb4.19.4&#8243; _dynamic_attributes=\u00bbcontent\u00bb _module_preset=\u00bbdefault\u00bb text_font=\u00bb|600|||||||\u00bb text_text_color=\u00bb#8300E9&#8243; text_orientation=\u00bbcenter\u00bb global_colors_info=\u00bb{}\u00bb]@ET-DC@eyJkeW5hbWljIjp0cnVlLCJjb250ZW50IjoiY3VzdG9tX21ldGFfY2FwYWNpdGF0OiIsInNldHRpbmdzIjp7ImJlZm9yZSI6IiIsImFmdGVyIjoiIiwiZW5hYmxlX2h0bWwiOiJvZmYifX0=@[\/et_pb_text][et_pb_wc_description _builder_version=\u00bb4.16&#8243; global_colors_info=\u00bb{}\u00bb][\/et_pb_wc_description][et_pb_wc_add_to_cart _builder_version=\u00bb4.16&#8243; global_colors_info=\u00bb{}\u00bb][\/et_pb_wc_add_to_cart][et_pb_wc_meta _builder_version=\u00bb4.16&#8243; global_colors_info=\u00bb{}\u00bb][\/et_pb_wc_meta][\/et_pb_column][\/et_pb_row][et_pb_row _builder_version=\u00bb4.16&#8243; background_size=\u00bbinitial\u00bb background_position=\u00bbtop_left\u00bb background_repeat=\u00bbrepeat\u00bb width=\u00bb100%\u00bb global_colors_info=\u00bb{}\u00bb][et_pb_column type=\u00bb4_4&#8243; _builder_version=\u00bb4.16&#8243; custom_padding=\u00bb|||\u00bb global_colors_info=\u00bb{}\u00bb custom_padding__hover=\u00bb|||\u00bb][et_pb_wc_tabs _builder_version=\u00bb4.16&#8243; global_colors_info=\u00bb{}\u00bb] [\/et_pb_wc_tabs][et_pb_wc_upsells _builder_version=\u00bb4.16&#8243; global_colors_info=\u00bb{}\u00bb][\/et_pb_wc_upsells][et_pb_wc_related_products posts_number=\u00bb6&#8243; _builder_version=\u00bb4.19.4&#8243; product_title_font_size=\u00bb14px\u00bb global_colors_info=\u00bb{}\u00bb][\/et_pb_wc_related_products][\/et_pb_column][\/et_pb_row][\/et_pb_section]<\/p>\n","protected":false},"excerpt":{"rendered":"<p style=\"text-align: center;\">Pot\u00e8ncia: 12 W<br \/>\nTensi\u00f3: 220-240V AC<br \/>\nTensi\u00f3 Nominal: 85-265V AC<br \/>\nFreq\u00fc\u00e8ncia: 50-60 Hz<br \/>\nClasse A\u00efllament El\u00e8ctric: I<br \/>\nRegulable: NO<br \/>\nPunts de llum: 2<br \/>\nFont Lum\u00ednica: SMD2835<br \/>\nColor de llum: Monocolor<br \/>\n\u00cdndex Rep. Crom\u00e0tica (CRI): 80<br \/>\nLluminositat: 1000 lm<br \/>\nEfici\u00e8ncia Energ\u00e8tica 2023 (UE2019\/2015):F<br \/>\n\u00das: Interior-Exterior<br \/>\nProtecci\u00f3 IP: IP65<br \/>\nMaterial: Alumini<br \/>\nInstal\u00b7laci\u00f3: Superf\u00edcie<br \/>\nDimensions: 84x175x3 mm<br \/>\nAlt: 84 mm<br \/>\nAmple: 175 mm<br \/>\nLlarg: 3 mm<br \/>\nPes: 0.47 kg<br \/>\nVida \u00datil: 30.000 Hores<br \/>\nGarantia: 3 Anys<br \/>\nCertificats: CE &amp; RoHS,UKCA<\/p>\n","protected":false},"featured_media":47777,"comment_status":"open","ping_status":"closed","template":"","meta":{"_acf_changed":false,"_seopress_robots_primary_cat":"77","_seopress_titles_title":"%%post_title%%","_seopress_titles_desc":"%%post_excerpt%% %%post_category%%","_seopress_robots_index":"","_et_pb_use_builder":"on","_et_pb_old_content":"<p style=\"text-align: justify\">L'Apliqueu de Paret Exterior LED 12W d'Alumini Rectangular IP65 Il\u00b7luminaci\u00f3 Doble Cara ret Blanc \u00e9s, sens dubte, un element altament decoratiu i vers\u00e0til que s'adaptar\u00e0 a qualsevol estil. Aquest Aplic incorpora LEDs amb un consum de 12W.<\/p>\r\n<p style=\"text-align: justify\">L'acabat en Alumini d'alta qualitat i el seu factor de protecci\u00f3 IP65 fan d'aquest Apliqueu un element resistent a la pols ia l'aigua, fins i tot suportant la pluja. Per tant, podem instal\u00b7lar l'Apliqueu de Paret Exterior LED 12W d'Alumini Rectangular IP65 Il\u00b7luminaci\u00f3 Doble Cara ret Blanc en gran quantitat d'espais com balcons, fa\u00e7anes, jardins o zones de pas exteriors. Es pot fixar a qualsevol tipus de superf\u00edcie cargolant l'aplic a qualsevol paret. Per tal de mantenir la protecci\u00f3 IP65 el client ha dassegurar de fixar i assegurar tots els components subministrats de manera correcta.<\/p>","_et_gb_content_width":"","jetpack_post_was_ever_published":false},"product_brand":[],"product_cat":[77],"product_tag":[210],"class_list":{"0":"post-47774","1":"product","2":"type-product","3":"status-publish","4":"has-post-thumbnail","6":"product_cat-aplics-paret-corrent-solar","7":"product_tag-aplic-paret-exterior-ip65","8":"product_shipping_class-enviament-efecto","9":"pa_temperatura-de-color-3000k","10":"pa_temperatura-de-color-4000k","12":"first","13":"onbackorder","14":"taxable","15":"shipping-taxable","16":"purchasable","17":"product-type-variable"},"acf":[],"jetpack_likes_enabled":true,"jetpack_sharing_enabled":true,"tiered_pricing_type":"fixed","tiered_pricing_fixed_rules":[],"tiered_pricing_product_settings":{"layout":"default","base_unit_name":{"singular":null,"plural":null},"default_variation":null},"tiered_pricing_minimum_quantity":null,"tiered_pricing_roles_data":[],"tiered_pricing_percentage_rules":[],"_links":{"self":[{"href":"https:\/\/www.grupsagaro.net\/index.php?rest_route=\/wp\/v2\/product\/47774","targetHints":{"allow":["GET"]}}],"collection":[{"href":"https:\/\/www.grupsagaro.net\/index.php?rest_route=\/wp\/v2\/product"}],"about":[{"href":"https:\/\/www.grupsagaro.net\/index.php?rest_route=\/wp\/v2\/types\/product"}],"replies":[{"embeddable":true,"href":"https:\/\/www.grupsagaro.net\/index.php?rest_route=%2Fwp%2Fv2%2Fcomments&post=47774"}],"wp:featuredmedia":[{"embeddable":true,"href":"https:\/\/www.grupsagaro.net\/index.php?rest_route=\/wp\/v2\/media\/47777"}],"wp:attachment":[{"href":"https:\/\/www.grupsagaro.net\/index.php?rest_route=%2Fwp%2Fv2%2Fmedia&parent=47774"}],"wp:term":[{"taxonomy":"product_brand","embeddable":true,"href":"https:\/\/www.grupsagaro.net\/index.php?rest_route=%2Fwp%2Fv2%2Fproduct_brand&post=47774"},{"taxonomy":"product_cat","embeddable":true,"href":"https:\/\/www.grupsagaro.net\/index.php?rest_route=%2Fwp%2Fv2%2Fproduct_cat&post=47774"},{"taxonomy":"product_tag","embeddable":true,"href":"https:\/\/www.grupsagaro.net\/index.php?rest_route=%2Fwp%2Fv2%2Fproduct_tag&post=47774"}],"curies":[{"name":"wp","href":"https:\/\/api.w.org\/{rel}","templated":true}]}}

<p style="text-align: center;">Potència: 12 W<br />
Tensió: 220-240V AC<br />
Tensió Nominal: 85-265V AC<br />
Freqüència: 50-60 Hz<br />
Classe Aïllament Elèctric: I<br />
Regulable: NO<br />
Punts de llum: 2<br />
Font Lumínica: SMD2835<br />
Color de llum: Monocolor<br />
Índex Rep. Cromàtica (CRI): 80<br />
Lluminositat: 1000 lm<br />
Eficiència Energètica 2023 (UE2019/2015):F<br />
Ús: Interior-Exterior<br />
Protecció IP: IP65<br />
Material: Alumini<br />
Instal·lació: Superfície<br />
Dimensions: 84x175x3 mm<br />
Alt: 84 mm<br />
Ample: 175 mm<br />
Llarg: 3 mm<br />
Pes: 0.47 kg<br />
Vida Útil: 30.000 Hores<br />
Garantia: 3 Anys<br />
Certificats: CE &amp; RoHS,UKCA</p>

<p style="text-align: justify">L'Apliqueu de Paret Exterior LED 12W d'Alumini Rectangular IP65 Il·luminació Doble Cara ret Blanc és, sens dubte, un element altament decoratiu i versàtil que s'adaptarà a qualsevol estil. Aquest Aplic incorpora LEDs amb un consum de 12W.</p>
<p style="text-align: justify">L'acabat en Alumini d'alta qualitat i el seu factor de protecció IP65 fan d'aquest Apliqueu un element resistent a la pols ia l'aigua, fins i tot suportant la pluja. Per tant, podem instal·lar l'Apliqueu de Paret Exterior LED 12W d'Alumini Rectangular IP65 Il·luminació Doble Cara ret Blanc en gran quantitat d'espais com balcons, façanes, jardins o zones de pas exteriors. Es pot fixar a qualsevol tipus de superfície cargolant l'aplic a qualsevol paret. Per tal de mantenir la protecció IP65 el client ha dassegurar de fixar i assegurar tots els components subministrats de manera correcta.</p>
