{"id":45944,"date":"2022-11-24T12:52:45","date_gmt":"2022-11-24T10:52:45","guid":{"rendered":"https:\/\/www.grupsagaro.net\/?post_type=product&#038;p=45944"},"modified":"2023-06-13T15:29:51","modified_gmt":"2023-06-13T13:29:51","slug":"evolis-ymcko-cartucho-de-cinta-original-200-impresiones-r5h004naa","status":"publish","type":"product","link":"https:\/\/www.grupsagaro.net\/?product=evolis-ymcko-cartucho-de-cinta-original-200-impresiones-r5h004naa","title":{"rendered":"Evolis YMCKO Cartucho de Cinta Original &#8211; 200 Impresiones &#8211; R5H004NAA"},"content":{"rendered":"<p>[et_pb_section fb_built=\u00bb1&#8243; _builder_version=\u00bb4.16&#8243; custom_padding=\u00bb0px||||false|false\u00bb global_colors_info=\u00bb{}\u00bb][et_pb_row _builder_version=\u00bb4.16&#8243; background_size=\u00bbinitial\u00bb background_position=\u00bbtop_left\u00bb background_repeat=\u00bbrepeat\u00bb width=\u00bb100%\u00bb custom_padding=\u00bb0px||0px||false|false\u00bb global_colors_info=\u00bb{}\u00bb][et_pb_column type=\u00bb4_4&#8243; _builder_version=\u00bb4.16&#8243; custom_padding=\u00bb|||\u00bb global_colors_info=\u00bb{}\u00bb custom_padding__hover=\u00bb|||\u00bb][et_pb_wc_breadcrumb _builder_version=\u00bb4.16&#8243; global_colors_info=\u00bb{}\u00bb][\/et_pb_wc_breadcrumb][et_pb_wc_cart_notice _builder_version=\u00bb4.16&#8243; global_colors_info=\u00bb{}\u00bb][\/et_pb_wc_cart_notice][\/et_pb_column][\/et_pb_row][et_pb_row column_structure=\u00bb1_2,1_2&#8243; _builder_version=\u00bb4.16&#8243; background_size=\u00bbinitial\u00bb background_position=\u00bbtop_left\u00bb background_repeat=\u00bbrepeat\u00bb width=\u00bb100%\u00bb custom_padding=\u00bb0px||||false|false\u00bb global_colors_info=\u00bb{}\u00bb][et_pb_column type=\u00bb1_2&#8243; _builder_version=\u00bb4.16&#8243; custom_padding=\u00bb|||\u00bb global_colors_info=\u00bb{}\u00bb custom_padding__hover=\u00bb|||\u00bb][et_pb_wc_images _builder_version=\u00bb4.16&#8243; global_colors_info=\u00bb{}\u00bb][\/et_pb_wc_images][\/et_pb_column][et_pb_column type=\u00bb1_2&#8243; _builder_version=\u00bb4.16&#8243; custom_padding=\u00bb|||\u00bb global_colors_info=\u00bb{}\u00bb custom_padding__hover=\u00bb|||\u00bb][et_pb_wc_title _builder_version=\u00bb4.16&#8243; global_colors_info=\u00bb{}\u00bb][\/et_pb_wc_title][et_pb_wc_rating _builder_version=\u00bb4.16&#8243; global_colors_info=\u00bb{}\u00bb][\/et_pb_wc_rating][et_pb_wc_price _builder_version=\u00bb4.16&#8243; global_colors_info=\u00bb{}\u00bb][\/et_pb_wc_price][et_pb_text _builder_version=\u00bb4.19.1&#8243; _dynamic_attributes=\u00bbcontent\u00bb _module_preset=\u00bbdefault\u00bb text_font=\u00bb|600|||||||\u00bb text_text_color=\u00bb#8300E9&#8243; text_orientation=\u00bbcenter\u00bb global_colors_info=\u00bb{}\u00bb]@ET-DC@eyJkeW5hbWljIjp0cnVlLCJjb250ZW50IjoiY3VzdG9tX21ldGFfY2FwYWNpdGF0OiIsInNldHRpbmdzIjp7ImJlZm9yZSI6IiIsImFmdGVyIjoiIiwiZW5hYmxlX2h0bWwiOiJvZmYifX0=@[\/et_pb_text][et_pb_wc_description _builder_version=\u00bb4.16&#8243; global_colors_info=\u00bb{}\u00bb][\/et_pb_wc_description][et_pb_wc_add_to_cart _builder_version=\u00bb4.16&#8243; global_colors_info=\u00bb{}\u00bb][\/et_pb_wc_add_to_cart][et_pb_wc_meta _builder_version=\u00bb4.16&#8243; global_colors_info=\u00bb{}\u00bb][\/et_pb_wc_meta][\/et_pb_column][\/et_pb_row][et_pb_row _builder_version=\u00bb4.16&#8243; background_size=\u00bbinitial\u00bb background_position=\u00bbtop_left\u00bb background_repeat=\u00bbrepeat\u00bb width=\u00bb100%\u00bb global_colors_info=\u00bb{}\u00bb][et_pb_column type=\u00bb4_4&#8243; _builder_version=\u00bb4.16&#8243; custom_padding=\u00bb|||\u00bb global_colors_info=\u00bb{}\u00bb custom_padding__hover=\u00bb|||\u00bb][et_pb_wc_tabs _builder_version=\u00bb4.16&#8243; global_colors_info=\u00bb{}\u00bb] [\/et_pb_wc_tabs][et_pb_wc_upsells _builder_version=\u00bb4.16&#8243; global_colors_info=\u00bb{}\u00bb][\/et_pb_wc_upsells][et_pb_wc_related_products _builder_version=\u00bb4.19.1&#8243; product_title_font_size=\u00bb14px\u00bb global_colors_info=\u00bb{}\u00bb][\/et_pb_wc_related_products][\/et_pb_column][\/et_pb_row][\/et_pb_section]<\/p>\n","protected":false},"excerpt":{"rendered":"<p>Compatibilidades: Evolis Edikio Duplex; Evolis Primacy; Evolis Primacy Lamination; Evolis Zenius.<\/p>\n","protected":false},"featured_media":45931,"comment_status":"open","ping_status":"closed","template":"","meta":{"_acf_changed":false,"_seopress_robots_primary_cat":"5205","_seopress_titles_title":"%%post_title%%","_seopress_titles_desc":"%%post_excerpt%%","_seopress_robots_index":"","_et_pb_use_builder":"on","_et_pb_old_content":"<p style=\"text-align: justify\">Cartutx de cinta de color de cinc panells YMCKO realitzada amb PET, amb tecnologia d'impressi\u00f3 de transfer\u00e8ncia t\u00e8rmica.<\/p>\r\n<p style=\"text-align: justify\">La cinta consta de 3 panells de color groc, magenta i cian, 1 panell negre i un panell overlay que imprimeix un vern\u00eds protector sobre la superf\u00edcie de la targeta per conservar la qualitat de la imatge.<\/p>\r\n<p style=\"text-align: justify\">Autonomia: Fins a 400 impressions\/rotlle.\r\nVida \u00fatil: Fins a 3 anys.\r\nCompatibilitat: Zenius, Primacy<\/p>\r\n<p style=\"text-align: justify\">Podeu utilitzar la cinta YMCKO d'Evolis per a qualsevol impressi\u00f3 en color en una o dues cares.\r\nA m\u00e9s dels colors est\u00e0ndard (groc, magenta, cian i negre), les cintes YMCKO apliquen un vern\u00eds protector a les targetes per conservar l'alta qualitat de la imatge malgrat el seu \u00fas freq\u00fcent.<\/p>\r\n<p style=\"text-align: justify\">Aquest proc\u00e9s permet optimitzar la qualitat de les imatges i els logotips impresos amb una resoluci\u00f3 de 300 dpi per garantir-ne una presentaci\u00f3 professional.<\/p>\r\n<p style=\"text-align: justify\">Per tant, les targetes impreses ofereixen una durada de fins a tres anys.<\/p>\r\n<p style=\"text-align: justify\">Caracter\u00edstiques t\u00e8cniques\r\nLa cinta de color est\u00e0 feta de politereftalat d'etil\u00e8 (PET) amb una fina capa protectora especial. La concentraci\u00f3 de colorant \u00e9s molt baixa i \u00e9s insoluble amb aigua. Durant el proc\u00e9s d'impressi\u00f3 nom\u00e9s es difon a una temperatura superior als 50 \u00b0C.<\/p>\r\n<p style=\"text-align: justify\">Recomanacions d'emmagatzematge\r\nEs recomana fer servir aquest producte en un any. Eviteu la pols, la llum del sol directa, la humitat i les temperatures elevades. No col\u00b7loqueu el dispositiu a prop de dissolvents o altres productes qu\u00edmics.<\/p>\r\n<p style=\"text-align: justify\">La marca Evolis High Trust\u00ae\r\nDes dels seus inicis, Evolis no ha deixat d'innovar per crear productes centrats en la qualitat.<\/p>\r\n<p style=\"text-align: justify\">Davant l'evoluci\u00f3 de les necessitats i les tecnologies, i per respondre a les noves demandes dels seus clients, Evolis ha actualitzat la seva oferta patentant i llan\u00e7ant al mercat una nova gamma de consumibles: Evolis High Trust\u00ae, una marca que t\u00e9 com a objectiu respondre a les expectatives m\u00e9s altes en mat\u00e8ria d'impressi\u00f3 de targetes.<\/p>\r\n<p style=\"text-align: justify\">Els consumibles Evolis High Trust\u00ae han estat dissenyats per funcionar exclusivament amb les impressores d'Evolis. Provats i autoritzats pels departaments d'R+D i de Qualitat d'Evolis, aquests consumibles us aporten qualitat d'impressi\u00f3 i fiabilitat, a m\u00e9s d'augmentar la vida del cap\u00e7al d'impressi\u00f3 de la impressora. L'\u00fas de consumibles que no siguin de la marca Evolis High Trust pot provocar una mala qualitat d'impressi\u00f3 o problemes en el funcionament de la impressora.<\/p>","_et_gb_content_width":"","jetpack_post_was_ever_published":false},"product_brand":[],"product_cat":[5205],"product_tag":[],"class_list":{"0":"post-45944","1":"product","2":"type-product","3":"status-publish","4":"has-post-thumbnail","6":"product_cat-evolis","7":"product_shipping_class-enviament-muchocartucho","9":"first","10":"onbackorder","11":"taxable","12":"shipping-taxable","13":"purchasable","14":"product-type-simple"},"acf":[],"jetpack_likes_enabled":true,"jetpack_sharing_enabled":true,"tiered_pricing_type":"fixed","tiered_pricing_fixed_rules":[],"tiered_pricing_product_settings":{"layout":"default","base_unit_name":{"singular":null,"plural":null},"default_variation":null},"tiered_pricing_minimum_quantity":null,"tiered_pricing_roles_data":[],"tiered_pricing_percentage_rules":[],"_links":{"self":[{"href":"https:\/\/www.grupsagaro.net\/index.php?rest_route=\/wp\/v2\/product\/45944","targetHints":{"allow":["GET"]}}],"collection":[{"href":"https:\/\/www.grupsagaro.net\/index.php?rest_route=\/wp\/v2\/product"}],"about":[{"href":"https:\/\/www.grupsagaro.net\/index.php?rest_route=\/wp\/v2\/types\/product"}],"replies":[{"embeddable":true,"href":"https:\/\/www.grupsagaro.net\/index.php?rest_route=%2Fwp%2Fv2%2Fcomments&post=45944"}],"wp:featuredmedia":[{"embeddable":true,"href":"https:\/\/www.grupsagaro.net\/index.php?rest_route=\/wp\/v2\/media\/45931"}],"wp:attachment":[{"href":"https:\/\/www.grupsagaro.net\/index.php?rest_route=%2Fwp%2Fv2%2Fmedia&parent=45944"}],"wp:term":[{"taxonomy":"product_brand","embeddable":true,"href":"https:\/\/www.grupsagaro.net\/index.php?rest_route=%2Fwp%2Fv2%2Fproduct_brand&post=45944"},{"taxonomy":"product_cat","embeddable":true,"href":"https:\/\/www.grupsagaro.net\/index.php?rest_route=%2Fwp%2Fv2%2Fproduct_cat&post=45944"},{"taxonomy":"product_tag","embeddable":true,"href":"https:\/\/www.grupsagaro.net\/index.php?rest_route=%2Fwp%2Fv2%2Fproduct_tag&post=45944"}],"curies":[{"name":"wp","href":"https:\/\/api.w.org\/{rel}","templated":true}]}}