{"id":38613,"date":"2022-07-11T18:08:33","date_gmt":"2022-07-11T16:08:33","guid":{"rendered":"https:\/\/www.grupsagaro.net\/?post_type=product&#038;p=38613"},"modified":"2022-12-28T10:27:42","modified_gmt":"2022-12-28T08:27:42","slug":"focus-led-66w-lineal-arendal-blanc-carril-trifasic-150cm","status":"publish","type":"product","link":"https:\/\/www.grupsagaro.net\/?product=focus-led-66w-lineal-arendal-blanc-carril-trifasic-150cm","title":{"rendered":"Focus LED 66W LINEAL ARENDAL Blanc Carril TRIF\u00c0SIC &#8211; 150cm"},"content":{"rendered":"<p>[et_pb_section fb_built=\u00bb1&#8243; _builder_version=\u00bb4.16&#8243; custom_padding=\u00bb0px||||false|false\u00bb global_colors_info=\u00bb{}\u00bb][et_pb_row _builder_version=\u00bb4.16&#8243; background_size=\u00bbinitial\u00bb background_position=\u00bbtop_left\u00bb background_repeat=\u00bbrepeat\u00bb width=\u00bb100%\u00bb custom_padding=\u00bb0px||0px||false|false\u00bb global_colors_info=\u00bb{}\u00bb][et_pb_column type=\u00bb4_4&#8243; _builder_version=\u00bb4.16&#8243; custom_padding=\u00bb|||\u00bb global_colors_info=\u00bb{}\u00bb custom_padding__hover=\u00bb|||\u00bb][et_pb_wc_breadcrumb _builder_version=\u00bb4.17.4&#8243; body_font=\u00bb|600|||||||\u00bb global_colors_info=\u00bb{}\u00bb][\/et_pb_wc_breadcrumb][et_pb_wc_cart_notice _builder_version=\u00bb4.16&#8243; global_colors_info=\u00bb{}\u00bb][\/et_pb_wc_cart_notice][\/et_pb_column][\/et_pb_row][et_pb_row column_structure=\u00bb1_2,1_2&#8243; _builder_version=\u00bb4.16&#8243; background_size=\u00bbinitial\u00bb background_position=\u00bbtop_left\u00bb background_repeat=\u00bbrepeat\u00bb width=\u00bb100%\u00bb custom_padding=\u00bb0px||||false|false\u00bb global_colors_info=\u00bb{}\u00bb][et_pb_column type=\u00bb1_2&#8243; _builder_version=\u00bb4.16&#8243; custom_padding=\u00bb|||\u00bb global_colors_info=\u00bb{}\u00bb custom_padding__hover=\u00bb|||\u00bb][et_pb_wc_images _builder_version=\u00bb4.16&#8243; global_colors_info=\u00bb{}\u00bb][\/et_pb_wc_images][\/et_pb_column][et_pb_column type=\u00bb1_2&#8243; _builder_version=\u00bb4.16&#8243; custom_padding=\u00bb|||\u00bb global_colors_info=\u00bb{}\u00bb custom_padding__hover=\u00bb|||\u00bb][et_pb_wc_title _builder_version=\u00bb4.16&#8243; global_colors_info=\u00bb{}\u00bb][\/et_pb_wc_title][et_pb_wc_rating _builder_version=\u00bb4.16&#8243; global_colors_info=\u00bb{}\u00bb][\/et_pb_wc_rating][et_pb_wc_price _builder_version=\u00bb4.16&#8243; global_colors_info=\u00bb{}\u00bb][\/et_pb_wc_price][et_pb_text _builder_version=\u00bb4.17.4&#8243; _dynamic_attributes=\u00bbcontent\u00bb _module_preset=\u00bbdefault\u00bb global_colors_info=\u00bb{}\u00bb]@ET-DC@eyJkeW5hbWljIjp0cnVlLCJjb250ZW50IjoiY3VzdG9tX21ldGFfY2FwYWNpdGF0OiIsInNldHRpbmdzIjp7ImJlZm9yZSI6IiIsImFmdGVyIjoiIiwiZW5hYmxlX2h0bWwiOiJvZmYifX0=@[\/et_pb_text][et_pb_wc_description _builder_version=\u00bb4.16&#8243; global_colors_info=\u00bb{}\u00bb][\/et_pb_wc_description][et_pb_wc_add_to_cart _builder_version=\u00bb4.16&#8243; global_colors_info=\u00bb{}\u00bb][\/et_pb_wc_add_to_cart][et_pb_wc_meta _builder_version=\u00bb4.16&#8243; global_colors_info=\u00bb{}\u00bb][\/et_pb_wc_meta][\/et_pb_column][\/et_pb_row][et_pb_row _builder_version=\u00bb4.16&#8243; background_size=\u00bbinitial\u00bb background_position=\u00bbtop_left\u00bb background_repeat=\u00bbrepeat\u00bb width=\u00bb100%\u00bb global_colors_info=\u00bb{}\u00bb][et_pb_column type=\u00bb4_4&#8243; _builder_version=\u00bb4.16&#8243; custom_padding=\u00bb|||\u00bb global_colors_info=\u00bb{}\u00bb custom_padding__hover=\u00bb|||\u00bb][et_pb_wc_tabs _builder_version=\u00bb4.16&#8243; global_colors_info=\u00bb{}\u00bb] [\/et_pb_wc_tabs][et_pb_wc_upsells _builder_version=\u00bb4.16&#8243; global_colors_info=\u00bb{}\u00bb][\/et_pb_wc_upsells][et_pb_wc_related_products posts_number=\u00bb6&#8243; _builder_version=\u00bb4.17.4&#8243; product_title_font_size=\u00bb14px\u00bb global_colors_info=\u00bb{}\u00bb][\/et_pb_wc_related_products][\/et_pb_column][\/et_pb_row][\/et_pb_section][et_pb_section fb_built=\u00bb1&#8243; _builder_version=\u00bb4.17.6&#8243; _module_preset=\u00bbdefault\u00bb global_colors_info=\u00bb{}\u00bb][et_pb_row _builder_version=\u00bb4.17.6&#8243; _module_preset=\u00bbdefault\u00bb global_colors_info=\u00bb{}\u00bb][et_pb_column type=\u00bb4_4&#8243; _builder_version=\u00bb4.17.6&#8243; _module_preset=\u00bbdefault\u00bb global_colors_info=\u00bb{}\u00bb][et_pb_image src=\u00bbhttps:\/\/www.grupsagaro.net\/wp-content\/uploads\/2022\/07\/Focus-LED-66W-LINEAL-ARENDAL-Blanc-Carril-TRIFASIC-150cm-4.jpg\u00bb _builder_version=\u00bb4.17.6&#8243; _module_preset=\u00bbdefault\u00bb global_colors_info=\u00bb{}\u00bb][\/et_pb_image][\/et_pb_column][\/et_pb_row][\/et_pb_section]<\/p>\n","protected":false},"excerpt":{"rendered":"<p style=\"text-align: center;\">REFER\u00c8NCIA : T07A150<br \/>\nPot\u00e8ncia nominal: 41W-49W-58W-66W<br \/>\nTensi\u00f3 Nominal: 220-240V<br \/>\nTemperatura de llum: 4000K &#8211; 5700K<br \/>\nCRI -\u00cdndex Reproducci\u00f3 Crom\u00e0tica: 80<br \/>\nMaterial de Construcci\u00f3: Alumini +PMMA<br \/>\nLluminositat-Lm: 4800<br \/>\nTipus de LEDs: COB BRIDGELUX XIP 2630 DS-C30<br \/>\nAngle d&#8217;Obertura (\u00ba): 90\u00ba<br \/>\nEfic\u00e0cia Diode LED (Lm\/W): 130Lm\/W<br \/>\nEfic\u00e0cia lluminosa (Lm\/W): 120 Lm\/W<br \/>\nCertificats: CE &#8211; ROHS<br \/>\nGrau d&#8217;IP: IP20<br \/>\nVida Estimada Diode LED (H): 35.000<br \/>\nMides (mm): 155x65x47mm<br \/>\nFactor de Pot\u00e8ncia (PF): 0.95<br \/>\nFreq\u00fc\u00e8ncia de Treball (Hz): 50\/60Hz<br \/>\nRang Temperatura (\u00baC): -20\u00ba ~ +40\u00ba<br \/>\nCicles d&#8217;encesos: 100.000<br \/>\nTemps d&#8217;arrencada (s): 0,2s<br \/>\nClasse Energ\u00e8tica (2021-UE-2019\/2015): A+<br \/>\nGarantia anys: 3<br \/>\nColor de cos: Blanc<\/p>\n","protected":false},"featured_media":40471,"comment_status":"open","ping_status":"closed","template":"","meta":{"_acf_changed":false,"_seopress_robots_primary_cat":"5277","_seopress_titles_title":"%%post_title%%","_seopress_titles_desc":"%%post_excerpt%% %%_category_description%%","_seopress_robots_index":"","_et_pb_use_builder":"on","_et_pb_old_content":"Focus LED 66W LINEAL ARENDAL Blanc Carril TRIF\u00c0SIC - 150cm - 90\u00ba\r\nEl focus LED ARENDAL de 66w es caracteritza perqu\u00e8 t\u00e9 un disseny que combinar\u00e0 amb qualsevol estil i unes prestacions excel\u00b7lents. El focus LED \u00e9s ideal per il\u00b7luminar qualsevol lloc que vulguis ressaltar, a m\u00e9s tamb\u00e9 \u00e9s perfecte per a situacions en espais que es busca classe i distinci\u00f3 a la seva xarxa d'il\u00b7luminaci\u00f3 a m\u00e9s disposes d'ell en diferents temperatures\r\n\r\nEl seu disseny en color blanc \u00e9s ideal per crear ambients minimalistes mentre ressaltes els espais que necessitis destacar. La seva instal\u00b7laci\u00f3 \u00e9s senzilla per ser col\u00b7locat al suport trif\u00e0sic, ara la decoraci\u00f3 est\u00e0 a les teves mans i de la manera m\u00e9s senzilla.\r\n\r\nAquest producte ha estat fabricat per a un \u00fas especial d'interiors, per aix\u00f2 la seva protecci\u00f3 IP20 i gr\u00e0cies al seu angle de 90\u00ba podr\u00e0s il\u00b7luminar grans espais estalviant aix\u00ed a la factura de la llum.\r\n\r\nEl nostre focus LED lineal ARENDAL aconsegueix que estalviem fins a un 85% a la nostra factura.\r\n\r\nEl focus LED Lineal ARENDAL disposa d'un selector on podr\u00e0s canviar la pot\u00e8ncia entre un rang de 41W a 66W (41W - 49W - 58W - 66W)\r\n\r\nUSOS PER A Focus LED 66W LINEAL ARENDAL Blanc Carril TRIF\u00c0SIC - 150cm","_et_gb_content_width":"","jetpack_post_was_ever_published":false},"product_brand":[],"product_cat":[5277],"product_tag":[4790],"class_list":{"0":"post-38613","1":"product","2":"type-product","3":"status-publish","4":"has-post-thumbnail","6":"product_cat-focus-de-carril-focus-de-carril","7":"product_tag-focus-led-66w-lineal-arendal-blanc-carril-trifasic-150cm","8":"pa_temperatura-de-color-4000k","9":"pa_temperatura-de-color-5000k","11":"first","12":"onbackorder","13":"taxable","14":"shipping-taxable","15":"purchasable","16":"product-type-variable"},"acf":[],"jetpack_likes_enabled":true,"jetpack_sharing_enabled":true,"tiered_pricing_type":"fixed","tiered_pricing_fixed_rules":[],"tiered_pricing_product_settings":{"layout":"default","base_unit_name":{"singular":null,"plural":null},"default_variation":null},"tiered_pricing_minimum_quantity":null,"tiered_pricing_roles_data":[],"tiered_pricing_percentage_rules":[],"_links":{"self":[{"href":"https:\/\/www.grupsagaro.net\/index.php?rest_route=\/wp\/v2\/product\/38613","targetHints":{"allow":["GET"]}}],"collection":[{"href":"https:\/\/www.grupsagaro.net\/index.php?rest_route=\/wp\/v2\/product"}],"about":[{"href":"https:\/\/www.grupsagaro.net\/index.php?rest_route=\/wp\/v2\/types\/product"}],"replies":[{"embeddable":true,"href":"https:\/\/www.grupsagaro.net\/index.php?rest_route=%2Fwp%2Fv2%2Fcomments&post=38613"}],"wp:featuredmedia":[{"embeddable":true,"href":"https:\/\/www.grupsagaro.net\/index.php?rest_route=\/wp\/v2\/media\/40471"}],"wp:attachment":[{"href":"https:\/\/www.grupsagaro.net\/index.php?rest_route=%2Fwp%2Fv2%2Fmedia&parent=38613"}],"wp:term":[{"taxonomy":"product_brand","embeddable":true,"href":"https:\/\/www.grupsagaro.net\/index.php?rest_route=%2Fwp%2Fv2%2Fproduct_brand&post=38613"},{"taxonomy":"product_cat","embeddable":true,"href":"https:\/\/www.grupsagaro.net\/index.php?rest_route=%2Fwp%2Fv2%2Fproduct_cat&post=38613"},{"taxonomy":"product_tag","embeddable":true,"href":"https:\/\/www.grupsagaro.net\/index.php?rest_route=%2Fwp%2Fv2%2Fproduct_tag&post=38613"}],"curies":[{"name":"wp","href":"https:\/\/api.w.org\/{rel}","templated":true}]}}