{"id":13930,"date":"2021-03-14T14:05:52","date_gmt":"2021-03-14T13:05:52","guid":{"rendered":"https:\/\/www.grupsagaro.net\/?post_type=product&#038;p=13930"},"modified":"2024-01-05T16:03:25","modified_gmt":"2024-01-05T14:03:25","slug":"tub-led-18w-120cm-t8-nano-plastic-sagitary-6000k","status":"publish","type":"product","link":"https:\/\/www.grupsagaro.net\/?product=tub-led-18w-120cm-t8-nano-plastic-sagitary-6000k","title":{"rendered":"Tub Led 18W 120cm T8 Nano Pl\u00e0stic Sagitary 6000k"},"content":{"rendered":"<p>[et_pb_section fb_built=\u00bb1&#8243; _builder_version=\u00bb3.22&#8243; custom_padding=\u00bb0px||||false|false\u00bb global_colors_info=\u00bb{}\u00bb][et_pb_row _builder_version=\u00bb3.25&#8243; background_size=\u00bbinitial\u00bb background_position=\u00bbtop_left\u00bb background_repeat=\u00bbrepeat\u00bb width=\u00bb100%\u00bb custom_padding=\u00bb0px||0px||false|false\u00bb global_colors_info=\u00bb{}\u00bb][et_pb_column type=\u00bb4_4&#8243; _builder_version=\u00bb3.25&#8243; custom_padding=\u00bb|||\u00bb global_colors_info=\u00bb{}\u00bb custom_padding__hover=\u00bb|||\u00bb][et_pb_wc_breadcrumb _builder_version=\u00bb4.14.4&#8243; body_font=\u00bb|600|||||||\u00bb global_colors_info=\u00bb{}\u00bb][\/et_pb_wc_breadcrumb][et_pb_wc_cart_notice global_colors_info=\u00bb{}\u00bb][\/et_pb_wc_cart_notice][\/et_pb_column][\/et_pb_row][et_pb_row column_structure=\u00bb1_2,1_2&#8243; _builder_version=\u00bb3.25&#8243; background_size=\u00bbinitial\u00bb background_position=\u00bbtop_left\u00bb background_repeat=\u00bbrepeat\u00bb width=\u00bb100%\u00bb custom_padding=\u00bb0px||||false|false\u00bb global_colors_info=\u00bb{}\u00bb][et_pb_column type=\u00bb1_2&#8243; _builder_version=\u00bb3.25&#8243; custom_padding=\u00bb|||\u00bb global_colors_info=\u00bb{}\u00bb custom_padding__hover=\u00bb|||\u00bb][et_pb_wc_images _builder_version=\u00bb3.0.47&#8243; global_colors_info=\u00bb{}\u00bb][\/et_pb_wc_images][\/et_pb_column][et_pb_column type=\u00bb1_2&#8243; _builder_version=\u00bb3.25&#8243; custom_padding=\u00bb|||\u00bb global_colors_info=\u00bb{}\u00bb custom_padding__hover=\u00bb|||\u00bb][et_pb_wc_title _builder_version=\u00bb3.0.47&#8243; global_colors_info=\u00bb{}\u00bb][\/et_pb_wc_title][et_pb_wc_rating _builder_version=\u00bb3.0.47&#8243; global_colors_info=\u00bb{}\u00bb][\/et_pb_wc_rating][et_pb_wc_price _builder_version=\u00bb3.0.47&#8243; global_colors_info=\u00bb{}\u00bb][\/et_pb_wc_price][et_pb_text _builder_version=\u00bb4.14.4&#8243; _dynamic_attributes=\u00bbcontent\u00bb _module_preset=\u00bbdefault\u00bb global_colors_info=\u00bb{}\u00bb]@ET-DC@eyJkeW5hbWljIjp0cnVlLCJjb250ZW50IjoiY3VzdG9tX21ldGFfY2FwYWNpdGF0OiIsInNldHRpbmdzIjp7ImJlZm9yZSI6IiIsImFmdGVyIjoiIiwiZW5hYmxlX2h0bWwiOiJvZmYifX0=@[\/et_pb_text][et_pb_wc_description _builder_version=\u00bb3.0.47&#8243; global_colors_info=\u00bb{}\u00bb][\/et_pb_wc_description][et_pb_wc_add_to_cart global_colors_info=\u00bb{}\u00bb][\/et_pb_wc_add_to_cart][et_pb_wc_meta _builder_version=\u00bb3.0.47&#8243; global_colors_info=\u00bb{}\u00bb][\/et_pb_wc_meta][\/et_pb_column][\/et_pb_row][et_pb_row _builder_version=\u00bb3.25&#8243; background_size=\u00bbinitial\u00bb background_position=\u00bbtop_left\u00bb background_repeat=\u00bbrepeat\u00bb width=\u00bb100%\u00bb global_colors_info=\u00bb{}\u00bb][et_pb_column type=\u00bb4_4&#8243; _builder_version=\u00bb3.25&#8243; custom_padding=\u00bb|||\u00bb global_colors_info=\u00bb{}\u00bb custom_padding__hover=\u00bb|||\u00bb][et_pb_wc_tabs _builder_version=\u00bb3.0.47&#8243; global_colors_info=\u00bb{}\u00bb]\t\t\t\t\t[\/et_pb_wc_tabs][et_pb_wc_upsells _builder_version=\u00bb3.0.47&#8243; global_colors_info=\u00bb{}\u00bb][\/et_pb_wc_upsells][et_pb_wc_related_products posts_number=\u00bb6&#8243; _builder_version=\u00bb4.14.4&#8243; product_title_font_size=\u00bb14px\u00bb global_colors_info=\u00bb{}\u00bb][\/et_pb_wc_related_products][\/et_pb_column][\/et_pb_row][\/et_pb_section]<\/p>\n","protected":false},"excerpt":{"rendered":"<p style=\"text-align: center;\">CARACTER\u00cdSTIQUES T\u00c8CNIQUES<\/p>\n<p style=\"text-align: center;\">Baixa Lluminositat.<br \/>\nPot\u00e8ncia: 18W.<br \/>\nVoltatge: AC165 &#8211; 265V &#8211; 50 Hz.<br \/>\nProtecci\u00f3: IP20<br \/>\nFactor de Pot\u00e8ncia:&gt; 0,9<br \/>\nProtecci\u00f3 contra impactes: IK09.<br \/>\nAngle d&#8217;obertura: 360\u00ba.<br \/>\nConnector: G13 est\u00e0ndard, un lateral.<br \/>\nClasse energ\u00e8tica: A ++<br \/>\nFabricat en PVC, Nano pl\u00e0stic i interior d&#8217;alumini.<br \/>\nMida de l&#8217;tub LED: 28mm \u00d8 x 1200mm de longitud.<br \/>\nPes de cada Tub LED: 155 gr.<br \/>\nMarca: Leadersson amb Xip LED curen Optoelectronics d&#8217;alta qualitat.<\/p>\n<p style=\"text-align: center;\">CONTINGUT DEL PAQUET<\/p>\n<p style=\"text-align: center;\">1 x Tub LED T8 de 120 cm i baixa lluminositat model Sagitary.<\/p>\n","protected":false},"featured_media":0,"comment_status":"open","ping_status":"closed","template":"","meta":{"_acf_changed":false,"_seopress_robots_primary_cat":"464","_seopress_titles_title":"Tub Led 18W 120cm T8 Nano Pl\u00e0stic Sagitary 6000k","_seopress_titles_desc":"CARACTER\u00cdSTIQUES T\u00c8CNIQUES Baixa Lluminositat. Pot\u00e8ncia: 18W. Voltatge: AC165 - 265V - 50 Hz. Protecci\u00f3: IP20 Factor de Pot\u00e8ncia:&gt; 0,9 Protecci\u00f3 contra impactes: IK09. Angle d&#039;obertura: 360\u00ba. Connector: G13 est\u00e0ndard, un lateral. Classe energ\u00e8tica: A ++ Fabricat en PVC, Nano pl\u00e0stic i interior d&#039;alumini. Mida de l&#039;tub LED: 28mm \u00d8 x\u2026 vegada desconnectada la xarxa el\u00e8ctrica, encaixa el tub a la instal\u00b7laci\u00f3 a trav\u00e9s dels laterals i fixa\u2019ls a el suport sense necessitat d\u2019obres o reformes. Comen\u00e7a a donar forma a la teva llar o negoci, actualitza la teva instal\u00b7laci\u00f3, redueix costos en el consum de llum i aprofita millor la\u2026","_seopress_robots_index":"","_et_pb_use_builder":"on","_et_pb_old_content":"<p style=\"text-align: justify\">Tub fluorescent LED T8 120cm 18W de baixa lluminositat (emet poca llum) connector G13 (connexi\u00f3 un lateral)\r\nModel Sagitary Tub LED de 120cm amb tres temperatures de color a escollir: llum blanca c\u00e0lida 3000K, llum blanca neutra 4500K o llum blanca freda 6000K.<\/p>\r\n<p style=\"text-align: justify\">Tub LED de baixa lluminositat amb Garantia de 2 anys<\/p>\r\n<p style=\"text-align: justify\">Tub LED T8 de 120cm econ\u00f2mic, amb difusor de nano pl\u00e0stic esmerilament, de baix consum i baixa lluminositat, de llarga durada (m\u00e9s de 20.000h), encesa instantani, sense parpelleigs i gr\u00e0cies a l'abs\u00e8ncia de gas molt respectu\u00f3s amb el medi ambient.<\/p>\r\n<p style=\"text-align: justify\">Tub LED 120cm de baixa lluminositat No enlluerna!<\/p>\r\n<p style=\"text-align: justify\">\u00c9s ideal per al seu \u00fas en tant a la llar com en el teu negoci o botiga. A l'\u00e9sser un tub de baixa lluminositat \u00e9s ideal per utilitzar en el quart del teu nad\u00f3 o per crear ambients c\u00e0lids i molt rom\u00e0ntics.<\/p>\r\n<p style=\"text-align: justify\">Aquest tub LED T8 consumeix nom\u00e9s 18W. Amb el seu \u00fas estar\u00e0s estalviant un 90%.<\/p>\r\n<p style=\"text-align: justify\">Est\u00e0 fabricat en nano pl\u00e0stic un pol\u00edmer conegut com nano policarbonat (nano PC) un material lleuger, flexible i molt resistent, pot suportar petits impactes i vibracions, amb factor de protecci\u00f3 IK09 i utilitza un connector G13 est\u00e0ndard amb connexi\u00f3 en un lateral. Munta el Xip LED curen d'alta durabilitat.<\/p>","_et_gb_content_width":"","jetpack_post_was_ever_published":false},"product_brand":[],"product_cat":[464],"product_tag":[155],"class_list":{"0":"post-13930","1":"product","2":"type-product","3":"status-publish","5":"product_cat-tubs-fluorescent-led","6":"product_tag-tub-fluorescent-led-120cm","8":"first","9":"instock","10":"featured","11":"taxable","12":"shipping-taxable","13":"purchasable","14":"product-type-simple"},"acf":[],"jetpack_likes_enabled":true,"jetpack_sharing_enabled":true,"tiered_pricing_type":"fixed","tiered_pricing_fixed_rules":[],"tiered_pricing_product_settings":{"layout":"default","base_unit_name":{"singular":null,"plural":null},"default_variation":null},"tiered_pricing_minimum_quantity":null,"tiered_pricing_roles_data":[],"tiered_pricing_percentage_rules":[],"_links":{"self":[{"href":"https:\/\/www.grupsagaro.net\/index.php?rest_route=\/wp\/v2\/product\/13930","targetHints":{"allow":["GET"]}}],"collection":[{"href":"https:\/\/www.grupsagaro.net\/index.php?rest_route=\/wp\/v2\/product"}],"about":[{"href":"https:\/\/www.grupsagaro.net\/index.php?rest_route=\/wp\/v2\/types\/product"}],"replies":[{"embeddable":true,"href":"https:\/\/www.grupsagaro.net\/index.php?rest_route=%2Fwp%2Fv2%2Fcomments&post=13930"}],"wp:attachment":[{"href":"https:\/\/www.grupsagaro.net\/index.php?rest_route=%2Fwp%2Fv2%2Fmedia&parent=13930"}],"wp:term":[{"taxonomy":"product_brand","embeddable":true,"href":"https:\/\/www.grupsagaro.net\/index.php?rest_route=%2Fwp%2Fv2%2Fproduct_brand&post=13930"},{"taxonomy":"product_cat","embeddable":true,"href":"https:\/\/www.grupsagaro.net\/index.php?rest_route=%2Fwp%2Fv2%2Fproduct_cat&post=13930"},{"taxonomy":"product_tag","embeddable":true,"href":"https:\/\/www.grupsagaro.net\/index.php?rest_route=%2Fwp%2Fv2%2Fproduct_tag&post=13930"}],"curies":[{"name":"wp","href":"https:\/\/api.w.org\/{rel}","templated":true}]}}