{"id":11910,"date":"2020-12-25T08:11:29","date_gmt":"2020-12-25T06:11:29","guid":{"rendered":"https:\/\/www.grupsagaro.net\/?post_type=product&#038;p=11910"},"modified":"2023-11-24T13:03:36","modified_gmt":"2023-11-24T11:03:36","slug":"panell-encastable-led-12w-3000k-170o","status":"publish","type":"product","link":"https:\/\/www.grupsagaro.net\/?product=panell-encastable-led-12w-3000k-170o","title":{"rendered":"Panell Encastable Led 12W 3000k 170\u00d8"},"content":{"rendered":"<p>[et_pb_section fb_built=\u00bb1&#8243; _builder_version=\u00bb4.16&#8243; custom_padding=\u00bb0px||||false|false\u00bb global_colors_info=\u00bb{}\u00bb][et_pb_row _builder_version=\u00bb4.16&#8243; background_size=\u00bbinitial\u00bb background_position=\u00bbtop_left\u00bb background_repeat=\u00bbrepeat\u00bb width=\u00bb100%\u00bb custom_padding=\u00bb0px||0px||false|false\u00bb global_colors_info=\u00bb{}\u00bb][et_pb_column type=\u00bb4_4&#8243; _builder_version=\u00bb4.16&#8243; custom_padding=\u00bb|||\u00bb global_colors_info=\u00bb{}\u00bb custom_padding__hover=\u00bb|||\u00bb][et_pb_wc_breadcrumb _builder_version=\u00bb4.16&#8243; body_font=\u00bb|600|||||||\u00bb global_colors_info=\u00bb{}\u00bb][\/et_pb_wc_breadcrumb][et_pb_wc_cart_notice _builder_version=\u00bb4.16&#8243; global_colors_info=\u00bb{}\u00bb][\/et_pb_wc_cart_notice][\/et_pb_column][\/et_pb_row][et_pb_row column_structure=\u00bb1_2,1_2&#8243; _builder_version=\u00bb4.16&#8243; background_size=\u00bbinitial\u00bb background_position=\u00bbtop_left\u00bb background_repeat=\u00bbrepeat\u00bb width=\u00bb100%\u00bb custom_padding=\u00bb0px||||false|false\u00bb global_colors_info=\u00bb{}\u00bb][et_pb_column type=\u00bb1_2&#8243; _builder_version=\u00bb4.16&#8243; custom_padding=\u00bb|||\u00bb global_colors_info=\u00bb{}\u00bb custom_padding__hover=\u00bb|||\u00bb][et_pb_wc_images _builder_version=\u00bb4.16&#8243; global_colors_info=\u00bb{}\u00bb][\/et_pb_wc_images][\/et_pb_column][et_pb_column type=\u00bb1_2&#8243; _builder_version=\u00bb4.16&#8243; custom_padding=\u00bb|||\u00bb global_colors_info=\u00bb{}\u00bb custom_padding__hover=\u00bb|||\u00bb][et_pb_wc_title _builder_version=\u00bb4.16&#8243; global_colors_info=\u00bb{}\u00bb][\/et_pb_wc_title][et_pb_wc_rating _builder_version=\u00bb4.16&#8243; global_colors_info=\u00bb{}\u00bb][\/et_pb_wc_rating][et_pb_wc_price _builder_version=\u00bb4.16&#8243; global_colors_info=\u00bb{}\u00bb][\/et_pb_wc_price][et_pb_text _builder_version=\u00bb4.17.6&#8243; _module_preset=\u00bbdefault\u00bb global_colors_info=\u00bb{}\u00bb]<\/p>\n<p>Your content goes here. Edit or remove this text inline or in the module Content settings. You can also style every aspect of this content in the module Design settings and even apply custom CSS to this text in the module Advanced settings.<\/p>\n<p>[\/et_pb_text][et_pb_text _builder_version=\u00bb4.16&#8243; _dynamic_attributes=\u00bbcontent\u00bb _module_preset=\u00bbdefault\u00bb global_colors_info=\u00bb{}\u00bb]@ET-DC@eyJkeW5hbWljIjp0cnVlLCJjb250ZW50IjoiY3VzdG9tX21ldGFfY2FwYWNpdGF0OiIsInNldHRpbmdzIjp7ImJlZm9yZSI6IiIsImFmdGVyIjoiIiwiZW5hYmxlX2h0bWwiOiJvZmYifX0=@[\/et_pb_text][et_pb_wc_description _builder_version=\u00bb4.16&#8243; global_colors_info=\u00bb{}\u00bb][\/et_pb_wc_description][et_pb_wc_add_to_cart _builder_version=\u00bb4.16&#8243; global_colors_info=\u00bb{}\u00bb][\/et_pb_wc_add_to_cart][et_pb_wc_meta _builder_version=\u00bb4.16&#8243; global_colors_info=\u00bb{}\u00bb][\/et_pb_wc_meta][\/et_pb_column][\/et_pb_row][et_pb_row _builder_version=\u00bb4.16&#8243; background_size=\u00bbinitial\u00bb background_position=\u00bbtop_left\u00bb background_repeat=\u00bbrepeat\u00bb width=\u00bb100%\u00bb global_colors_info=\u00bb{}\u00bb][et_pb_column type=\u00bb4_4&#8243; _builder_version=\u00bb4.16&#8243; custom_padding=\u00bb|||\u00bb global_colors_info=\u00bb{}\u00bb custom_padding__hover=\u00bb|||\u00bb][et_pb_wc_tabs _builder_version=\u00bb4.16&#8243; global_colors_info=\u00bb{}\u00bb] [\/et_pb_wc_tabs][et_pb_wc_upsells _builder_version=\u00bb4.16&#8243; global_colors_info=\u00bb{}\u00bb][\/et_pb_wc_upsells][et_pb_wc_related_products posts_number=\u00bb6&#8243; _builder_version=\u00bb4.16&#8243; product_title_font_size=\u00bb14px\u00bb global_colors_info=\u00bb{}\u00bb][\/et_pb_wc_related_products][\/et_pb_column][\/et_pb_row][\/et_pb_section]<\/p>\n","protected":false},"excerpt":{"rendered":"<p style=\"text-align: center;\">Color: Blanc.<br \/>\nLluminositat: 1200 l\u00famens.<br \/>\nPot\u00e8ncia: 12W.<br \/>\nDriver incorporat.<br \/>\nForma: Rod\u00f3 Extrapl\u00e0.<br \/>\nAbs\u00e8ncia de radiaci\u00f3 UV i IR, protegeix els objectes il\u00b7luminats.<br \/>\nVoltatge: AC85 &#8211; 265V &#8211; 50Hz.<br \/>\nProtecci\u00f3: IP20.<br \/>\nFactor de Pot\u00e8ncia:&gt; 0,5<br \/>\nProtecci\u00f3 contra impactes: IK08.<br \/>\nAngle d&#8217;obertura: 120\u00ba.<br \/>\n\u00cdndex de reproducci\u00f3 crom\u00e0tica: Ra85.<br \/>\nClasse energ\u00e8tica: A +<br \/>\nFabricat en Alumini d&#8217;injecci\u00f3.<br \/>\nMida de l&#8217;Plaf\u00f3 LED: 170mm \u00d8.<br \/>\nMida de el tall: 155mm \u00d8.<br \/>\nNo recomanat per mantenir enc\u00e8s m\u00e9s 5 hores di\u00e0ries<br \/>\nGarantia: 2 anys<\/p>\n","protected":false},"featured_media":11914,"comment_status":"open","ping_status":"closed","template":"","meta":{"_acf_changed":false,"_seopress_robots_primary_cat":"5434","_seopress_titles_title":"%%post_title%%","_seopress_titles_desc":"%%post_excerpt%% %%_category_description%%","_seopress_robots_index":"","_et_pb_use_builder":"on","_et_pb_old_content":"<p style=\"text-align: justify\">Downlight rod\u00f3 extrapl\u00e0 12W d'encastar i de color blanc, di\u00e0metre 170cm \u00d8, amb LED i driver incorporat, de mitjana durada. Presenta un disseny extrapl\u00e0 de sol 1 cm. , \u00c9s elegant i f\u00e0cil d'instal\u00b7lar. \u00c9s ideal per il\u00b7luminar qualsevol estada de la llar o oficina, aix\u00ed com locals comercials, escales, i qualsevol lloc que requereixi de bona il\u00b7luminaci\u00f3 i elegant disseny. \u00c9s d'alta lluminositat i baix consum, nom\u00e9s 12W, equivalent a un halogen tradicional de 120W, amb el seu \u00fas estar\u00e0s estalviant un 80%, classe energ\u00e8tica A +, t\u00e9 un enc\u00e8s instantani, mai parpelleja i no t\u00e9 MANTENIMENT, per la qual cosa \u00e9s un substitut perfecte per als antics i ineficients focus hal\u00f2gens encastats. Aquest plaf\u00f3 circular extraf\u00ed emet llum homog\u00e8nia amb un angle d'obertura de llum de 120 \u00b0 i est\u00e0 equipat amb una coberta de nanopl\u00e1stico que evita l'enlluernament. Est\u00e0 disponible en tres temperatures de color de llum (a triar al desplegable superior) llum c\u00e0lida 2700 \u00b0 K,<\/p>","_et_gb_content_width":"","jetpack_post_was_ever_published":false},"product_brand":[],"product_cat":[5759],"product_tag":[285],"class_list":{"0":"post-11910","1":"product","2":"type-product","3":"status-publish","4":"has-post-thumbnail","6":"product_cat-downlights-encastable","7":"product_tag-panell-encastable-led-170o","9":"first","10":"onbackorder","11":"taxable","12":"shipping-taxable","13":"purchasable","14":"product-type-simple"},"acf":[],"jetpack_likes_enabled":true,"jetpack_sharing_enabled":true,"tiered_pricing_type":"fixed","tiered_pricing_fixed_rules":[],"tiered_pricing_product_settings":{"layout":"default","base_unit_name":{"singular":null,"plural":null},"default_variation":null},"tiered_pricing_minimum_quantity":null,"tiered_pricing_roles_data":[],"tiered_pricing_percentage_rules":[],"_links":{"self":[{"href":"https:\/\/www.grupsagaro.net\/index.php?rest_route=\/wp\/v2\/product\/11910","targetHints":{"allow":["GET"]}}],"collection":[{"href":"https:\/\/www.grupsagaro.net\/index.php?rest_route=\/wp\/v2\/product"}],"about":[{"href":"https:\/\/www.grupsagaro.net\/index.php?rest_route=\/wp\/v2\/types\/product"}],"replies":[{"embeddable":true,"href":"https:\/\/www.grupsagaro.net\/index.php?rest_route=%2Fwp%2Fv2%2Fcomments&post=11910"}],"wp:featuredmedia":[{"embeddable":true,"href":"https:\/\/www.grupsagaro.net\/index.php?rest_route=\/wp\/v2\/media\/11914"}],"wp:attachment":[{"href":"https:\/\/www.grupsagaro.net\/index.php?rest_route=%2Fwp%2Fv2%2Fmedia&parent=11910"}],"wp:term":[{"taxonomy":"product_brand","embeddable":true,"href":"https:\/\/www.grupsagaro.net\/index.php?rest_route=%2Fwp%2Fv2%2Fproduct_brand&post=11910"},{"taxonomy":"product_cat","embeddable":true,"href":"https:\/\/www.grupsagaro.net\/index.php?rest_route=%2Fwp%2Fv2%2Fproduct_cat&post=11910"},{"taxonomy":"product_tag","embeddable":true,"href":"https:\/\/www.grupsagaro.net\/index.php?rest_route=%2Fwp%2Fv2%2Fproduct_tag&post=11910"}],"curies":[{"name":"wp","href":"https:\/\/api.w.org\/{rel}","templated":true}]}}

Panell Encastable Led 12W 3000k 170Ø

<p style="text-align: center;">Color: Blanc.<br />
Lluminositat: 1200 lúmens.<br />
Potència: 12W.<br />
Driver incorporat.<br />
Forma: Rodó Extraplà.<br />
Absència de radiació UV i IR, protegeix els objectes il·luminats.<br />
Voltatge: AC85 &#8211; 265V &#8211; 50Hz.<br />
Protecció: IP20.<br />
Factor de Potència:&gt; 0,5<br />
Protecció contra impactes: IK08.<br />
Angle d&#8217;obertura: 120º.<br />
Índex de reproducció cromàtica: Ra85.<br />
Classe energètica: A +<br />
Fabricat en Alumini d&#8217;injecció.<br />
Mida de l&#8217;Plafó LED: 170mm Ø.<br />
Mida de el tall: 155mm Ø.<br />
No recomanat per mantenir encès més 5 hores diàries<br />
Garantia: 2 anys</p>

<p style="text-align: justify">Downlight rodó extraplà 12W d'encastar i de color blanc, diàmetre 170cm Ø, amb LED i driver incorporat, de mitjana durada. Presenta un disseny extraplà de sol 1 cm. , És elegant i fàcil d'instal·lar. És ideal per il·luminar qualsevol estada de la llar o oficina, així com locals comercials, escales, i qualsevol lloc que requereixi de bona il·luminació i elegant disseny. És d'alta lluminositat i baix consum, només 12W, equivalent a un halogen tradicional de 120W, amb el seu ús estaràs estalviant un 80%, classe energètica A +, té un encès instantani, mai parpelleja i no té MANTENIMENT, per la qual cosa és un substitut perfecte per als antics i ineficients focus halògens encastats. Aquest plafó circular extrafí emet llum homogènia amb un angle d'obertura de llum de 120 ° i està equipat amb una coberta de nanoplástico que evita l'enlluernament. Està disponible en tres temperatures de color de llum (a triar al desplegable superior) llum càlida 2700 ° K,</p>
